--
--


SET transaction_timeout = 0;



--
-- Name: activity_logs; Type: TABLE; Schema: public; Owner: postgres
--

CREATE TABLE public.activity_logs (
    id integer NOT NULL,
    user_id text,
    action text NOT NULL,
    created_at timestamp without time zone DEFAULT now()
);


ALTER TABLE public.activity_logs OWNER TO postgres;

--
-- Name: activity_logs_id_seq; Type: SEQUENCE; Schema: public; Owner: postgres
--

CREATE SEQUENCE public.activity_logs_id_seq
    AS integer
    START WITH 1
    INCREMENT BY 1
    NO MINVALUE
    NO MAXVALUE
    CACHE 1;


ALTER SEQUENCE public.activity_logs_id_seq OWNER TO postgres;

--
-- Name: activity_logs_id_seq; Type: SEQUENCE OWNED BY; Schema: public; Owner: postgres
--

ALTER SEQUENCE public.activity_logs_id_seq OWNED BY public.activity_logs.id;


--
-- Name: authors; Type: TABLE; Schema: public; Owner: postgres
--

CREATE TABLE public.authors (
    id uuid DEFAULT gen_random_uuid() NOT NULL,
    name character varying(255) NOT NULL,
    description text,
    profile_picture character varying(500),
    social_links jsonb DEFAULT '{}'::jsonb,
    is_active boolean DEFAULT true,
    created_at timestamp with time zone DEFAULT CURRENT_TIMESTAMP,
    updated_at timestamp with time zone DEFAULT CURRENT_TIMESTAMP
);


ALTER TABLE public.authors OWNER TO postgres;

--
-- Name: categories; Type: TABLE; Schema: public; Owner: postgres
--

CREATE TABLE public.categories (
    id text NOT NULL,
    parent_id text,
    is_indexable boolean DEFAULT true,
    is_active boolean DEFAULT true,
    created_at timestamp without time zone DEFAULT now(),
    updated_at timestamp without time zone DEFAULT now()
);


ALTER TABLE public.categories OWNER TO postgres;

--
-- Name: categories_translations; Type: TABLE; Schema: public; Owner: postgres
--

CREATE TABLE public.categories_translations (
    id text NOT NULL,
    category_id text,
    name character varying(255) NOT NULL,
    slug character varying(255) NOT NULL,
    description text,
    meta_title text,
    meta_description text,
    category_schema jsonb,
    language character varying(10) NOT NULL,
    created_at timestamp without time zone DEFAULT now(),
    updated_at timestamp without time zone DEFAULT now(),
    CONSTRAINT categories_translations_language_check CHECK (((language)::text = ANY ((ARRAY['en'::character varying, 'ar'::character varying])::text[])))
);


ALTER TABLE public.categories_translations OWNER TO postgres;

--
-- Name: component_templates; Type: TABLE; Schema: public; Owner: postgres
--

CREATE TABLE public.component_templates (
    id text,
    template_name character varying(255) NOT NULL,
    component_type character varying(100) NOT NULL,
    component_props json NOT NULL,
    category character varying(100) DEFAULT 'general'::character varying,
    description text,
    is_active boolean DEFAULT true,
    created_at timestamp without time zone DEFAULT CURRENT_TIMESTAMP,
    updated_at timestamp without time zone DEFAULT CURRENT_TIMESTAMP
);


ALTER TABLE public.component_templates OWNER TO postgres;

--
-- Name: menu; Type: TABLE; Schema: public; Owner: postgres
--

CREATE TABLE public.menu (
    id text NOT NULL,
    name character varying(255) NOT NULL,
    "position" character varying(20) NOT NULL,
    language character varying(10) NOT NULL,
    created_at timestamp without time zone DEFAULT now(),
    updated_at timestamp without time zone DEFAULT now(),
    CONSTRAINT menu_language_check CHECK (((language)::text = ANY ((ARRAY['en'::character varying, 'ar'::character varying])::text[]))),
    CONSTRAINT menu_position_check CHECK ((("position")::text = ANY ((ARRAY['top_header'::character varying, 'header'::character varying, 'footer_menu_1'::character varying, 'footer_menu_2'::character varying])::text[])))
);


ALTER TABLE public.menu OWNER TO postgres;

--
-- Name: menu_items; Type: TABLE; Schema: public; Owner: postgres
--

CREATE TABLE public.menu_items (
    id text NOT NULL,
    menu_id text,
    reference_id text,
    title character varying(255),
    type character varying(50),
    link character varying(255),
    parent_id text,
    sort_order integer DEFAULT 0 NOT NULL,
    language character varying(10) NOT NULL,
    CONSTRAINT menu_items_language_check CHECK (((language)::text = ANY ((ARRAY['en'::character varying, 'ar'::character varying])::text[]))),
    CONSTRAINT menu_items_type_check CHECK (((type)::text = ANY ((ARRAY['page'::character varying, 'category'::character varying, 'tag'::character varying, 'custom_link'::character varying])::text[])))
);


ALTER TABLE public.menu_items OWNER TO postgres;

--
-- Name: pages; Type: TABLE; Schema: public; Owner: postgres
--

CREATE TABLE public.pages (
    id text NOT NULL,
    is_indexable boolean DEFAULT true,
    is_active boolean DEFAULT true,
    page_create_date timestamp without time zone DEFAULT now(),
    page_update_date timestamp without time zone DEFAULT now()
);


ALTER TABLE public.pages OWNER TO postgres;

--
-- Name: pages_translations; Type: TABLE; Schema: public; Owner: postgres
--

CREATE TABLE public.pages_translations (
    id text NOT NULL,
    page_id text,
    page_title text NOT NULL,
    page_slug text NOT NULL,
    page_meta_title character varying(255) NOT NULL,
    page_meta_description character varying(255) NOT NULL,
    page_schemas jsonb,
    builder_data jsonb,
    language character varying(10) NOT NULL,
    CONSTRAINT pages_translations_language_check CHECK (((language)::text = ANY ((ARRAY['en'::character varying, 'ar'::character varying])::text[])))
);


ALTER TABLE public.pages_translations OWNER TO postgres;

--
-- Name: permission; Type: TABLE; Schema: public; Owner: postgres
--

CREATE TABLE public.permission (
    id integer NOT NULL,
    name character varying(100) NOT NULL,
    created_at timestamp without time zone DEFAULT now(),
    updated_at timestamp without time zone DEFAULT now()
);


ALTER TABLE public.permission OWNER TO postgres;

--
-- Name: permission_id_seq; Type: SEQUENCE; Schema: public; Owner: postgres
--

CREATE SEQUENCE public.permission_id_seq
    AS integer
    START WITH 1
    INCREMENT BY 1
    NO MINVALUE
    NO MAXVALUE
    CACHE 1;


ALTER SEQUENCE public.permission_id_seq OWNER TO postgres;

--
-- Name: permission_id_seq; Type: SEQUENCE OWNED BY; Schema: public; Owner: postgres
--

ALTER SEQUENCE public.permission_id_seq OWNED BY public.permission.id;


--
-- Name: post_translations; Type: TABLE; Schema: public; Owner: postgres
--

CREATE TABLE public.post_translations (
    id text NOT NULL,
    post_id text,
    post_title text NOT NULL,
    post_slug text NOT NULL,
    post_content text NOT NULL,
    post_featured_image_alt_text text,
    post_meta_title character varying(255) NOT NULL,
    post_meta_description character varying(255) NOT NULL,
    post_schemas jsonb,
    language character varying(10) NOT NULL,
    CONSTRAINT post_translations_language_check CHECK (((language)::text = ANY ((ARRAY['en'::character varying, 'ar'::character varying])::text[])))
);


ALTER TABLE public.post_translations OWNER TO postgres;

--
-- Name: posts; Type: TABLE; Schema: public; Owner: postgres
--

CREATE TABLE public.posts (
    id text NOT NULL,
    post_category text,
    post_featured_image text,
    is_indexable boolean DEFAULT true,
    is_active boolean DEFAULT true,
    post_create_date timestamp without time zone DEFAULT now(),
    post_update_date timestamp without time zone DEFAULT now(),
    author_id uuid
);


ALTER TABLE public.posts OWNER TO postgres;

--
-- Name: products; Type: TABLE; Schema: public; Owner: postgres
--

CREATE TABLE public.products (
    id text NOT NULL,
    product_featured_image text,
    is_indexable boolean DEFAULT true,
    is_active boolean DEFAULT true,
    product_create_date timestamp without time zone DEFAULT now(),
    product_update_date timestamp without time zone DEFAULT now(),
    category_id text
);


ALTER TABLE public.products OWNER TO postgres;

--
-- Name: products_related_images; Type: TABLE; Schema: public; Owner: postgres
--

CREATE TABLE public.products_related_images (
    id text NOT NULL,
    product_id text,
    product_image text,
    product_image_alt_text text,
    language character varying(10) NOT NULL,
    CONSTRAINT products_related_images_language_check CHECK (((language)::text = ANY ((ARRAY['en'::character varying, 'ar'::character varying])::text[])))
);


ALTER TABLE public.products_related_images OWNER TO postgres;

--
-- Name: products_translations; Type: TABLE; Schema: public; Owner: postgres
--

CREATE TABLE public.products_translations (
    id text NOT NULL,
    product_id text,
    product_title text NOT NULL,
    product_slug text NOT NULL,
    product_content text NOT NULL,
    product_featured_image_alt_text text,
    product_meta_title character varying(255) NOT NULL,
    product_meta_description character varying(255) NOT NULL,
    builder_data jsonb,
    language character varying(10) NOT NULL,
    benefits jsonb DEFAULT '[]'::jsonb,
    product_schemas jsonb DEFAULT '[]'::jsonb,
    CONSTRAINT products_translations_language_check CHECK (((language)::text = ANY ((ARRAY['en'::character varying, 'ar'::character varying])::text[])))
);


ALTER TABLE public.products_translations OWNER TO postgres;

--
-- Name: projects; Type: TABLE; Schema: public; Owner: postgres
--

CREATE TABLE public.projects (
    id text NOT NULL,
    category_id text,
    project_featured_image text,
    is_indexable boolean DEFAULT true,
    is_active boolean DEFAULT true,
    project_date date NOT NULL,
    project_location text NOT NULL,
    project_create_date timestamp without time zone DEFAULT now(),
    project_update_date timestamp without time zone DEFAULT now()
);


ALTER TABLE public.projects OWNER TO postgres;

--
-- Name: projects_translations; Type: TABLE; Schema: public; Owner: postgres
--

CREATE TABLE public.projects_translations (
    id text NOT NULL,
    project_id text,
    project_title text NOT NULL,
    project_slug text,
    project_image_alt_text text,
    project_content text NOT NULL,
    benefits jsonb,
    project_schemas jsonb,
    project_meta_title character varying(255) NOT NULL,
    project_meta_description character varying(255) NOT NULL,
    builder_data jsonb,
    language character varying(10) NOT NULL,
    CONSTRAINT projects_translations_language_check CHECK (((language)::text = ANY ((ARRAY['en'::character varying, 'ar'::character varying])::text[])))
);


ALTER TABLE public.projects_translations OWNER TO postgres;

--
-- Name: reviews; Type: TABLE; Schema: public; Owner: postgres
--

CREATE TABLE public.reviews (
    id uuid DEFAULT gen_random_uuid() NOT NULL,
    name character varying(255) NOT NULL,
    rating integer NOT NULL,
    review_content text NOT NULL,
    is_active boolean DEFAULT true,
    created_at timestamp with time zone DEFAULT CURRENT_TIMESTAMP,
    updated_at timestamp with time zone DEFAULT CURRENT_TIMESTAMP,
    CONSTRAINT reviews_rating_check CHECK (((rating >= 1) AND (rating <= 5)))
);


ALTER TABLE public.reviews OWNER TO postgres;

--
-- Name: role_permission; Type: TABLE; Schema: public; Owner: postgres
--

CREATE TABLE public.role_permission (
    id integer NOT NULL,
    role_id integer,
    permission_id integer
);


ALTER TABLE public.role_permission OWNER TO postgres;

--
-- Name: role_permission_id_seq; Type: SEQUENCE; Schema: public; Owner: postgres
--

CREATE SEQUENCE public.role_permission_id_seq
    AS integer
    START WITH 1
    INCREMENT BY 1
    NO MINVALUE
    NO MAXVALUE
    CACHE 1;


ALTER SEQUENCE public.role_permission_id_seq OWNER TO postgres;

--
-- Name: role_permission_id_seq; Type: SEQUENCE OWNED BY; Schema: public; Owner: postgres
--

ALTER SEQUENCE public.role_permission_id_seq OWNED BY public.role_permission.id;


--
-- Name: roles; Type: TABLE; Schema: public; Owner: postgres
--

CREATE TABLE public.roles (
    id integer NOT NULL,
    name character varying(50) NOT NULL,
    created_at timestamp without time zone DEFAULT now(),
    updated_at timestamp without time zone DEFAULT now()
);


ALTER TABLE public.roles OWNER TO postgres;

--
-- Name: roles_id_seq; Type: SEQUENCE; Schema: public; Owner: postgres
--

CREATE SEQUENCE public.roles_id_seq
    AS integer
    START WITH 1
    INCREMENT BY 1
    NO MINVALUE
    NO MAXVALUE
    CACHE 1;


ALTER SEQUENCE public.roles_id_seq OWNER TO postgres;

--
-- Name: roles_id_seq; Type: SEQUENCE OWNED BY; Schema: public; Owner: postgres
--

ALTER SEQUENCE public.roles_id_seq OWNED BY public.roles.id;


--
-- Name: services; Type: TABLE; Schema: public; Owner: postgres
--

CREATE TABLE public.services (
    id text NOT NULL,
    service_featured_image text,
    is_indexable boolean DEFAULT true,
    is_active boolean DEFAULT true,
    service_create_date timestamp without time zone DEFAULT now(),
    service_update_date timestamp without time zone DEFAULT now()
);


ALTER TABLE public.services OWNER TO postgres;

--
-- Name: services_translations; Type: TABLE; Schema: public; Owner: postgres
--

CREATE TABLE public.services_translations (
    id text NOT NULL,
    service_id text,
    service_title text NOT NULL,
    service_slug text NOT NULL,
    service_content text NOT NULL,
    service_featured_image_alt_text text,
    service_meta_title character varying(255) NOT NULL,
    service_meta_description character varying(255) NOT NULL,
    services_schemas jsonb,
    builder_data jsonb,
    language character varying(10) NOT NULL,
    CONSTRAINT services_translations_language_check CHECK (((language)::text = ANY ((ARRAY['en'::character varying, 'ar'::character varying])::text[])))
);


ALTER TABLE public.services_translations OWNER TO postgres;

--
-- Name: site_settings; Type: TABLE; Schema: public; Owner: postgres
--

CREATE TABLE public.site_settings (
    id text NOT NULL,
    name character varying(60) NOT NULL,
    meta_title character varying(60) DEFAULT NULL::character varying,
    meta_description character varying(155) DEFAULT NULL::character varying,
    logo text,
    favicon text,
    logo_alt text,
    logo_height text,
    logo_width text,
    home_schema text,
    footer_logo text,
    footer_logo_height text,
    footer_logo_width text,
    footer_logo_alt text,
    footer_text text,
    facebook_url text,
    twitter_url text,
    linkedin_url text,
    pinterest_url text,
    instagram_url text,
    copyright_text text,
    google_site_verification text,
    bing_site_verification text,
    baidu_site_verification text,
    yandex_site_verification text,
    pinterest_verification text,
    google_analytics_id text,
    robots text,
    created_at timestamp without time zone DEFAULT now(),
    updated_at timestamp without time zone DEFAULT now()
);


ALTER TABLE public.site_settings OWNER TO postgres;

--
-- Name: activity_logs id; Type: DEFAULT; Schema: public; Owner: postgres
--

ALTER TABLE ONLY public.activity_logs ALTER COLUMN id SET DEFAULT nextval('public.activity_logs_id_seq'::regclass);


--
-- Name: permission id; Type: DEFAULT; Schema: public; Owner: postgres
--

ALTER TABLE ONLY public.permission ALTER COLUMN id SET DEFAULT nextval('public.permission_id_seq'::regclass);


--
-- Name: role_permission id; Type: DEFAULT; Schema: public; Owner: postgres
--

ALTER TABLE ONLY public.role_permission ALTER COLUMN id SET DEFAULT nextval('public.role_permission_id_seq'::regclass);


--
-- Name: roles id; Type: DEFAULT; Schema: public; Owner: postgres
--

ALTER TABLE ONLY public.roles ALTER COLUMN id SET DEFAULT nextval('public.roles_id_seq'::regclass);


--
-- Data for Name: activity_logs; Type: TABLE DATA; Schema: public; Owner: postgres
--

COPY public.activity_logs (id, user_id, action, created_at) FROM stdin;
1	09355162-671e-449a-bade-af8d46e47c4d	admin Rana Usman Login Successfully with the email iamranausman@gmail.com	2025-08-14 09:59:12.513625
2	09355162-671e-449a-bade-af8d46e47c4d	admin Rana Usman updated the Website General Information	2025-08-14 09:59:46.734925
3	09355162-671e-449a-bade-af8d46e47c4d	admin Rana Usman updated the Website General Information	2025-08-14 10:26:27.166101
4	09355162-671e-449a-bade-af8d46e47c4d	Menu Header Menu added successfully by iamranausman@gmail.com (Role: admin)	2025-08-14 10:58:17.554507
5	09355162-671e-449a-bade-af8d46e47c4d	Menu Items for Header Menu added and updated successfully by iamranausman@gmail.com (Role: admin)	2025-08-14 11:18:25.538427
6	09355162-671e-449a-bade-af8d46e47c4d	Menu Items for Header Menu added and updated successfully by iamranausman@gmail.com (Role: admin)	2025-08-14 11:18:36.930526
7	09355162-671e-449a-bade-af8d46e47c4d	Menu Items for Header Menu added and updated successfully by iamranausman@gmail.com (Role: admin)	2025-08-14 11:18:39.524742
8	09355162-671e-449a-bade-af8d46e47c4d	admin Rana Usman updated the Website General Information	2025-08-14 11:53:03.724877
9	09355162-671e-449a-bade-af8d46e47c4d	admin Rana Usman updated the Website General Information	2025-08-14 12:17:02.170265
10	09355162-671e-449a-bade-af8d46e47c4d	admin Rana Usman updated the Website General Information	2025-08-15 06:34:12.264543
11	09355162-671e-449a-bade-af8d46e47c4d	Category Home Elevator added successfully by iamranausman@gmail.com (Role: admin)	2025-08-15 07:20:44.603837
12	09355162-671e-449a-bade-af8d46e47c4d	Category Home Elevator Updated successfully by iamranausman@gmail.com (Role: admin)	2025-08-15 07:44:40.565968
13	09355162-671e-449a-bade-af8d46e47c4d	Category Home Elevator Updated successfully by iamranausman@gmail.com (Role: admin)	2025-08-15 07:45:20.211755
14	09355162-671e-449a-bade-af8d46e47c4d	Post How can we make multilanguage website? added successfully by iamranausman@gmail.com with the role of admin	2025-08-15 07:46:54.723843
15	09355162-671e-449a-bade-af8d46e47c4d	Permission Add Category added successfully by iamranausman@gmail.com with the role of admin	2025-08-15 07:49:48.141916
16	09355162-671e-449a-bade-af8d46e47c4d	Permission Edit Category added successfully by iamranausman@gmail.com with the role of admin	2025-08-15 07:49:59.394415
17	09355162-671e-449a-bade-af8d46e47c4d	Permission View Category added successfully by iamranausman@gmail.com with the role of admin	2025-08-15 07:50:09.45829
18	09355162-671e-449a-bade-af8d46e47c4d	Permission Delete Category added successfully by iamranausman@gmail.com with the role of admin	2025-08-15 07:50:16.80023
19	09355162-671e-449a-bade-af8d46e47c4d	Permission Add Post added successfully by iamranausman@gmail.com with the role of admin	2025-08-15 07:50:26.862385
20	09355162-671e-449a-bade-af8d46e47c4d	Permission Edit Post added successfully by iamranausman@gmail.com with the role of admin	2025-08-15 07:50:32.12175
21	09355162-671e-449a-bade-af8d46e47c4d	Permission View Post added successfully by iamranausman@gmail.com with the role of admin	2025-08-15 07:50:40.534416
22	09355162-671e-449a-bade-af8d46e47c4d	Permission Delete Post added successfully by iamranausman@gmail.com with the role of admin	2025-08-15 07:50:49.973149
23	09355162-671e-449a-bade-af8d46e47c4d	Permission Add Menu added successfully by iamranausman@gmail.com with the role of admin	2025-08-15 07:51:37.220097
24	09355162-671e-449a-bade-af8d46e47c4d	Permission Edit Menu added successfully by iamranausman@gmail.com with the role of admin	2025-08-15 07:51:44.833079
25	09355162-671e-449a-bade-af8d46e47c4d	Permission View Menu added successfully by iamranausman@gmail.com with the role of admin	2025-08-15 07:51:58.569038
26	09355162-671e-449a-bade-af8d46e47c4d	Permission Delete Menu added successfully by iamranausman@gmail.com with the role of admin	2025-08-15 07:52:05.328336
27	09355162-671e-449a-bade-af8d46e47c4d	Permission Add Page added successfully by iamranausman@gmail.com with the role of admin	2025-08-15 07:52:14.084165
28	09355162-671e-449a-bade-af8d46e47c4d	Permission Edit Page added successfully by iamranausman@gmail.com with the role of admin	2025-08-15 07:52:20.670338
29	09355162-671e-449a-bade-af8d46e47c4d	Permission View Page added successfully by iamranausman@gmail.com with the role of admin	2025-08-15 07:52:27.206102
30	09355162-671e-449a-bade-af8d46e47c4d	Permission Delete Page added successfully by iamranausman@gmail.com with the role of admin	2025-08-15 07:52:34.794601
31	09355162-671e-449a-bade-af8d46e47c4d	Role Sub Admin added successfully with the Permissions of [Add Category,Edit Category,View Category,Add Post,Edit Post,View Post,Add Menu,Edit Menu,View Menu,Add Page,Edit Page,View Page] by iamranausman@gmail.com with the role of admin	2025-08-15 07:53:28.198145
32	09355162-671e-449a-bade-af8d46e47c4d	Staff Elliot Phillips with he email of elliotphillips404@gmail.com with the role of Sub Admin added successfully by iamranausman@gmail.com with the role of admin	2025-08-15 07:54:12.234561
33	c97eaac8-17a2-4a95-821f-1b056b2789e0	Staff Elliot Phillips Login Successfully with the email elliotphillips404@gmail.com	2025-08-15 07:55:53.580415
34	c97eaac8-17a2-4a95-821f-1b056b2789e0	Post How can we make multilanguage website? Updated successfully by elliotphillips404@gmail.com with the role of staff	2025-08-15 08:05:42.209432
35	09355162-671e-449a-bade-af8d46e47c4d	Rana Usman Login Successfully with the email iamranausman@gmail.com	2025-08-15 14:11:30.670038
36	09355162-671e-449a-bade-af8d46e47c4d	Post How can we make multilanguage website? Updated successfully by iamranausman@gmail.com with the role of admin	2025-08-15 14:13:12.067055
37	09355162-671e-449a-bade-af8d46e47c4d	Rana Usman Login Successfully with the email iamranausman@gmail.com	2025-08-15 23:20:08.522494
38	09355162-671e-449a-bade-af8d46e47c4d	Post How can we make multilanguage website? Updated successfully by iamranausman@gmail.com with the role of admin	2025-08-15 23:35:18.801356
39	09355162-671e-449a-bade-af8d46e47c4d	Post How can we make multilanguage website? added successfully by iamranausman@gmail.com with the role of admin	2025-08-15 23:46:25.238627
40	09355162-671e-449a-bade-af8d46e47c4d	Rana Usman Login Successfully with the email iamranausman@gmail.com	2025-08-15 23:46:52.586623
41	09355162-671e-449a-bade-af8d46e47c4d	Post Testing Post Title added successfully by iamranausman@gmail.com with the role of admin	2025-08-15 23:47:39.271258
42	09355162-671e-449a-bade-af8d46e47c4d	Post This is the testing post title Updated successfully by iamranausman@gmail.com with the role of admin	2025-08-15 23:48:58.60109
43	09355162-671e-449a-bade-af8d46e47c4d	Category Kitchen Elevator added successfully by iamranausman@gmail.com (Role: admin)	2025-08-15 23:50:37.149944
44	c97eaac8-17a2-4a95-821f-1b056b2789e0	Staff Elliot Phillips Login Successfully with the email elliotphillips404@gmail.com	2025-08-15 23:52:23.52489
45	c97eaac8-17a2-4a95-821f-1b056b2789e0	Category Car Lift added successfully by elliotphillips404@gmail.com (Role: staff)	2025-08-15 23:52:53.293641
46	c97eaac8-17a2-4a95-821f-1b056b2789e0	Post This is the testing post title updated buy staff Updated successfully by elliotphillips404@gmail.com with the role of staff	2025-08-15 23:53:34.546473
47	c97eaac8-17a2-4a95-821f-1b056b2789e0	Post Testing 2 added successfully by elliotphillips404@gmail.com with the role of staff	2025-08-15 23:54:16.265808
48	c97eaac8-17a2-4a95-821f-1b056b2789e0	Page About Us added successfully by elliotphillips404@gmail.com with the role of staff	2025-08-16 00:01:20.835769
50	09355162-671e-449a-bade-af8d46e47c4d	Post How can we make multilanguage website? moved to trash Successfully by iamranausman@gmail.com with the role of admin	2025-08-16 01:42:27.02054
51	09355162-671e-449a-bade-af8d46e47c4d	Post Testing 2 moved to trash Successfully by iamranausman@gmail.com with the role of admin	2025-08-16 01:42:27.015255
49	09355162-671e-449a-bade-af8d46e47c4d	Post This is the testing post title updated buy staff moved to trash Successfully by iamranausman@gmail.com with the role of admin	2025-08-16 01:42:27.020965
52	09355162-671e-449a-bade-af8d46e47c4d	Rana Usman Login Successfully with the email iamranausman@gmail.com	2025-08-16 01:43:42.505196
53	09355162-671e-449a-bade-af8d46e47c4d	Post How can we make multilanguage website new? added successfully by iamranausman@gmail.com with the role of admin	2025-08-16 01:44:34.112154
54	09355162-671e-449a-bade-af8d46e47c4d	Post How can we make multilanguage website new? moved to trash Successfully by iamranausman@gmail.com with the role of admin	2025-08-16 01:44:46.595981
55	09355162-671e-449a-bade-af8d46e47c4d	Post How can we make multilanguage website? Permanently Deleted Successfully by iamranausman@gmail.com with the role of admin	2025-08-16 01:45:01.649651
56	09355162-671e-449a-bade-af8d46e47c4d	Post This is the testing post title updated buy staff Permanently Deleted Successfully by iamranausman@gmail.com with the role of admin	2025-08-16 01:45:01.973822
57	09355162-671e-449a-bade-af8d46e47c4d	Post Testing 2 Permanently Deleted Successfully by iamranausman@gmail.com with the role of admin	2025-08-16 01:45:02.589702
58	09355162-671e-449a-bade-af8d46e47c4d	Post How can we make multilanguage website new? Permanently Deleted Successfully by iamranausman@gmail.com with the role of admin	2025-08-16 01:45:02.896345
59	09355162-671e-449a-bade-af8d46e47c4d	Page About Us moved to trash Successfully by iamranausman@gmail.com with the role of admin	2025-08-16 01:45:18.144545
60	09355162-671e-449a-bade-af8d46e47c4d	admin Rana Usman updated the Website General Information	2025-08-16 02:43:50.750481
61	09355162-671e-449a-bade-af8d46e47c4d	admin Rana Usman updated the Website General Information	2025-08-16 02:56:19.128483
62	09355162-671e-449a-bade-af8d46e47c4d	admin Rana Usman updated the Website General Information	2025-08-16 05:01:45.112435
63	09355162-671e-449a-bade-af8d46e47c4d	admin Rana Usman updated the Website General Information	2025-08-16 05:02:22.82464
64	09355162-671e-449a-bade-af8d46e47c4d	Rana Usman Login Successfully with the email iamranausman@gmail.com	2025-08-16 11:50:01.638808
65	09355162-671e-449a-bade-af8d46e47c4d	Rana Usman Login Successfully with the email iamranausman@gmail.com	2025-08-16 11:59:15.360755
66	09355162-671e-449a-bade-af8d46e47c4d	Rana Usman Login Successfully with the email iamranausman@gmail.com	2025-08-16 13:07:48.357557
67	09355162-671e-449a-bade-af8d46e47c4d	Rana Usman Login Successfully with the email iamranausman@gmail.com	2025-08-16 13:18:47.725616
68	09355162-671e-449a-bade-af8d46e47c4d	Rana Usman Login Successfully with the email iamranausman@gmail.com	2025-08-16 13:24:26.569082
69	09355162-671e-449a-bade-af8d46e47c4d	admin Rana Usman updated the Website General Information	2025-08-16 13:30:43.21654
70	09355162-671e-449a-bade-af8d46e47c4d	Rana Usman Login Successfully with the email iamranausman@gmail.com	2025-08-16 13:33:43.926166
71	09355162-671e-449a-bade-af8d46e47c4d	Rana Usman Login Successfully with the email iamranausman@gmail.com	2025-08-17 02:23:07.617109
72	09355162-671e-449a-bade-af8d46e47c4d	Post undefined added successfully by iamranausman@gmail.com with the role of admin	2025-08-17 03:59:09.141623
73	09355162-671e-449a-bade-af8d46e47c4d	Post undefined added successfully by iamranausman@gmail.com with the role of admin	2025-08-17 04:09:24.658393
74	09355162-671e-449a-bade-af8d46e47c4d	Rana Usman Login Successfully with the email iamranausman@gmail.com	2025-08-20 05:45:38.62317
75	09355162-671e-449a-bade-af8d46e47c4d	Rana Usman Login Successfully with the email iamranausman@gmail.com	2025-08-20 06:58:21.941442
76	09355162-671e-449a-bade-af8d46e47c4d	Post Ultimate Guide to SEO Trends in 2025 updated successfully by iamranausman@gmail.com with the role of admin	2025-08-20 08:36:12.142619
77	09355162-671e-449a-bade-af8d46e47c4d	Post Ultimate Guide to SEO Trends in 2025 updated successfully by iamranausman@gmail.com with the role of admin	2025-08-20 08:38:00.251344
78	09355162-671e-449a-bade-af8d46e47c4d	Post Ultimate Guide to SEO Trends in 2025 Updated updated successfully by iamranausman@gmail.com with the role of admin	2025-08-20 08:38:18.128192
79	09355162-671e-449a-bade-af8d46e47c4d	Post undefined moved to trash Successfully by iamranausman@gmail.com with the role of admin	2025-08-20 19:54:17.527854
80	09355162-671e-449a-bade-af8d46e47c4d	Post undefined Permanently Deleted Successfully by iamranausman@gmail.com with the role of admin	2025-08-20 19:55:06.293293
81	09355162-671e-449a-bade-af8d46e47c4d	Post undefined moved to trash Successfully by iamranausman@gmail.com with the role of admin	2025-08-20 19:55:57.725141
82	09355162-671e-449a-bade-af8d46e47c4d	Post undefined Permanently Deleted Successfully by iamranausman@gmail.com with the role of admin	2025-08-20 19:56:01.517556
83	09355162-671e-449a-bade-af8d46e47c4d	Post undefined added successfully by iamranausman@gmail.com with the role of admin	2025-08-20 20:05:37.478359
84	09355162-671e-449a-bade-af8d46e47c4d	Post undefined moved to trash Successfully by iamranausman@gmail.com with the role of admin	2025-08-20 20:07:26.921444
85	09355162-671e-449a-bade-af8d46e47c4d	Post undefined Restored Successfully by iamranausman@gmail.com with the role of admin	2025-08-20 20:07:55.237382
86	09355162-671e-449a-bade-af8d46e47c4d	Post Ultimate Guide to SEO Trends in 2025 updated successfully by iamranausman@gmail.com with the role of admin	2025-08-20 20:08:18.024985
87	09355162-671e-449a-bade-af8d46e47c4d	Post undefined moved to trash Successfully by iamranausman@gmail.com with the role of admin	2025-08-20 20:09:01.759832
88	09355162-671e-449a-bade-af8d46e47c4d	Post undefined Restored Successfully by iamranausman@gmail.com with the role of admin	2025-08-20 20:09:56.810335
89	09355162-671e-449a-bade-af8d46e47c4d	Post Ultimate Guide to SEO Trends in 2025 updated successfully by iamranausman@gmail.com with the role of admin	2025-08-20 20:10:12.980096
90	09355162-671e-449a-bade-af8d46e47c4d	Post Ultimate Guide to SEO Trends in 2025 moved to trash Successfully by iamranausman@gmail.com with the role of admin	2025-08-20 20:10:48.977971
91	09355162-671e-449a-bade-af8d46e47c4d	Post About Us added successfully by iamranausman@gmail.com with the role of admin	2025-08-21 03:55:59.342863
92	09355162-671e-449a-bade-af8d46e47c4d	Rana Usman Login Successfully with the email iamranausman@gmail.com	2025-08-25 03:43:17.164979
93	09355162-671e-449a-bade-af8d46e47c4d	Post About Us updated successfully by iamranausman@gmail.com with the role of admin	2025-08-25 05:16:26.820782
94	09355162-671e-449a-bade-af8d46e47c4d	Post About Us Updated updated successfully by iamranausman@gmail.com with the role of admin	2025-08-25 05:17:14.296408
95	09355162-671e-449a-bade-af8d46e47c4d	Post About Us updated successfully by iamranausman@gmail.com with the role of admin	2025-08-25 05:17:22.797252
96	09355162-671e-449a-bade-af8d46e47c4d	Page undefined moved to trash Successfully by iamranausman@gmail.com with the role of admin	2025-08-25 05:30:01.939709
97	09355162-671e-449a-bade-af8d46e47c4d	Post About Us updated successfully by iamranausman@gmail.com with the role of admin	2025-08-25 05:32:07.794412
98	09355162-671e-449a-bade-af8d46e47c4d	Post About Us updated successfully by iamranausman@gmail.com with the role of admin	2025-08-25 06:10:12.111087
99	09355162-671e-449a-bade-af8d46e47c4d	Page About Us moved to trash Successfully by iamranausman@gmail.com with the role of admin	2025-08-25 06:10:23.936508
100	09355162-671e-449a-bade-af8d46e47c4d	Post About Us updated successfully by iamranausman@gmail.com with the role of admin	2025-08-25 06:11:13.17283
101	09355162-671e-449a-bade-af8d46e47c4d	Page About Us moved to trash Successfully by iamranausman@gmail.com with the role of admin	2025-08-25 06:13:04.470284
102	09355162-671e-449a-bade-af8d46e47c4d	Page undefined Restored Successfully by iamranausman@gmail.com with the role of admin	2025-08-25 06:13:42.19773
103	09355162-671e-449a-bade-af8d46e47c4d	Post About Us updated successfully by iamranausman@gmail.com with the role of admin	2025-08-26 00:47:45.988111
104	09355162-671e-449a-bade-af8d46e47c4d	Menu Items for Header Menu added and updated successfully by iamranausman@gmail.com (Role: admin)	2025-08-26 00:56:31.206204
105	09355162-671e-449a-bade-af8d46e47c4d	Menu Items for Header Menu added and updated successfully by iamranausman@gmail.com (Role: admin)	2025-08-26 00:56:50.613389
106	09355162-671e-449a-bade-af8d46e47c4d	Menu Items for Header Menu added and updated successfully by iamranausman@gmail.com (Role: admin)	2025-08-26 00:56:53.736705
107	09355162-671e-449a-bade-af8d46e47c4d	Menu Items for Header Menu added and updated successfully by iamranausman@gmail.com (Role: admin)	2025-08-26 01:07:40.077687
108	09355162-671e-449a-bade-af8d46e47c4d	Menu Main Menu added successfully by iamranausman@gmail.com (Role: admin)	2025-08-26 01:22:00.748045
109	09355162-671e-449a-bade-af8d46e47c4d	Menu Main Menu added successfully by iamranausman@gmail.com (Role: admin)	2025-08-26 01:27:24.308538
110	09355162-671e-449a-bade-af8d46e47c4d	Menu Main Menu added successfully by iamranausman@gmail.com (Role: admin)	2025-08-26 01:27:31.660396
111	09355162-671e-449a-bade-af8d46e47c4d	Menu Top Header added successfully by iamranausman@gmail.com (Role: admin)	2025-08-26 01:32:58.304099
112	09355162-671e-449a-bade-af8d46e47c4d	Menu Top Header added successfully by iamranausman@gmail.com (Role: admin)	2025-08-26 01:33:17.309574
113	09355162-671e-449a-bade-af8d46e47c4d	Menu Top Header Updated Updated successfully by iamranausman@gmail.com (Role: admin)	2025-08-26 01:47:09.785424
114	09355162-671e-449a-bade-af8d46e47c4d	Menu Top Header Updated Updated successfully by iamranausman@gmail.com (Role: admin)	2025-08-26 01:47:58.086411
115	09355162-671e-449a-bade-af8d46e47c4d	Menu Top Header Updated successfully by iamranausman@gmail.com (Role: admin)	2025-08-26 01:48:08.170683
116	09355162-671e-449a-bade-af8d46e47c4d	Rana Usman Login Successfully with the email iamranausman@gmail.com	2025-08-26 06:42:09.481523
117	09355162-671e-449a-bade-af8d46e47c4d	Menu Items for Top Header added and updated successfully by iamranausman@gmail.com (Role: admin)	2025-08-26 06:53:11.478485
118	09355162-671e-449a-bade-af8d46e47c4d	Menu Items for Top Header added and updated successfully by iamranausman@gmail.com (Role: admin)	2025-08-26 07:18:32.55246
119	09355162-671e-449a-bade-af8d46e47c4d	Menu Items for Top Header added and updated successfully by iamranausman@gmail.com (Role: admin)	2025-08-26 07:21:14.0872
120	09355162-671e-449a-bade-af8d46e47c4d	Menu Items for Top Header added and updated successfully by iamranausman@gmail.com (Role: admin)	2025-08-26 09:17:03.713044
121	09355162-671e-449a-bade-af8d46e47c4d	Menu Items for Top Header added and updated successfully by iamranausman@gmail.com (Role: admin)	2025-08-26 09:19:19.882345
122	09355162-671e-449a-bade-af8d46e47c4d	Menu Items for Top Header added and updated successfully by iamranausman@gmail.com (Role: admin)	2025-08-26 12:22:55.80952
123	09355162-671e-449a-bade-af8d46e47c4d	Rana Usman Login Successfully with the email iamranausman@gmail.com	2025-08-27 01:07:15.009398
125	09355162-671e-449a-bade-af8d46e47c4d	Category Electronics added successfully by iamranausman@gmail.com (Role: admin)	2025-08-27 03:43:39.965839
126	09355162-671e-449a-bade-af8d46e47c4d	Rana Usman Login Successfully with the email iamranausman@gmail.com	2025-08-28 20:56:03.860222
127	09355162-671e-449a-bade-af8d46e47c4d	Category Home Elevator added successfully by iamranausman@gmail.com (Role: admin)	2025-08-28 21:11:29.306595
128	09355162-671e-449a-bade-af8d46e47c4d	Category Home Elevator Updated updated successfully by iamranausman@gmail.com (Role: admin)	2025-08-29 04:07:24.217203
129	09355162-671e-449a-bade-af8d46e47c4d	Category Electronics updated successfully by iamranausman@gmail.com (Role: admin)	2025-08-29 04:54:23.420252
130	09355162-671e-449a-bade-af8d46e47c4d	Category Home Elevator added successfully by iamranausman@gmail.com (Role: admin)	2025-08-29 05:30:06.793278
131	09355162-671e-449a-bade-af8d46e47c4d	Category Home Elevator added successfully by iamranausman@gmail.com (Role: admin)	2025-08-29 05:42:13.366945
132	09355162-671e-449a-bade-af8d46e47c4d	Category Home Elevator updated successfully by iamranausman@gmail.com (Role: admin)	2025-08-29 05:42:29.206211
133	09355162-671e-449a-bade-af8d46e47c4d	Category Home Elevator updated successfully by iamranausman@gmail.com (Role: admin)	2025-08-29 05:42:35.859934
134	09355162-671e-449a-bade-af8d46e47c4d	Category Home Elevator added successfully by iamranausman@gmail.com (Role: admin)	2025-08-29 06:05:03.856256
135	09355162-671e-449a-bade-af8d46e47c4d	Category Home Elevator updated successfully by iamranausman@gmail.com (Role: admin)	2025-08-29 06:05:19.747629
136	09355162-671e-449a-bade-af8d46e47c4d	Category Home Elevator Deleted Successfully by iamranausman@gmail.com with the role of admin	2025-08-29 06:05:46.266717
137	09355162-671e-449a-bade-af8d46e47c4d	Category Home Elevator added successfully by iamranausman@gmail.com (Role: admin)	2025-08-29 06:13:24.14041
138	09355162-671e-449a-bade-af8d46e47c4d	Menu Items for Top Header added and updated successfully by iamranausman@gmail.com (Role: admin)	2025-08-29 06:17:24.244172
139	09355162-671e-449a-bade-af8d46e47c4d	Menu Items for Top Header added and updated successfully by iamranausman@gmail.com (Role: admin)	2025-08-29 07:11:56.843919
140	09355162-671e-449a-bade-af8d46e47c4d	Menu Items for Top Header added and updated successfully by iamranausman@gmail.com (Role: admin)	2025-08-29 07:12:27.262806
141	09355162-671e-449a-bade-af8d46e47c4d	Menu Items for Top Header added and updated successfully by iamranausman@gmail.com (Role: admin)	2025-08-29 07:13:12.62459
142	09355162-671e-449a-bade-af8d46e47c4d	Menu Items for Top Header added and updated successfully by iamranausman@gmail.com (Role: admin)	2025-08-29 07:13:28.501878
143	09355162-671e-449a-bade-af8d46e47c4d	Menu Items for Top Header added and updated successfully by iamranausman@gmail.com (Role: admin)	2025-08-29 07:15:01.031645
144	09355162-671e-449a-bade-af8d46e47c4d	Menu deleted successfully by iamranausman@gmail.com (Role: admin)	2025-08-29 07:17:49.561047
145	09355162-671e-449a-bade-af8d46e47c4d	Menu Top Header added successfully by iamranausman@gmail.com (Role: admin)	2025-08-29 07:18:02.112042
146	09355162-671e-449a-bade-af8d46e47c4d	Menu Items for Top Header added and updated successfully by iamranausman@gmail.com (Role: admin)	2025-08-29 07:18:31.866751
147	09355162-671e-449a-bade-af8d46e47c4d	Rana Usman Login Successfully with the email iamranausman@gmail.com	2025-08-31 23:04:37.111986
148	09355162-671e-449a-bade-af8d46e47c4d	Rana Usman Login Successfully with the email iamranausman@gmail.com	2025-09-03 01:52:45.124696
149	09355162-671e-449a-bade-af8d46e47c4d	Rana Usman Login Successfully with the email iamranausman@gmail.com	2025-09-03 02:01:43.537378
150	09355162-671e-449a-bade-af8d46e47c4d	Post undefined added successfully by iamranausman@gmail.com with the role of admin	2025-09-03 02:07:51.145215
151	09355162-671e-449a-bade-af8d46e47c4d	Post How can we make multilanguage website? updated successfully by iamranausman@gmail.com with the role of admin	2025-09-03 02:25:48.978668
152	09355162-671e-449a-bade-af8d46e47c4d	Product undefined added successfully by iamranausman@gmail.com with the role of admin	2025-09-03 10:44:43.972893
153	09355162-671e-449a-bade-af8d46e47c4d	Rana Usman Login Successfully with the email iamranausman@gmail.com	2025-09-03 19:55:28.787563
154	09355162-671e-449a-bade-af8d46e47c4d	Rana Usman Login Successfully with the email iamranausman@gmail.com	2025-10-21 20:26:07.195713
155	09355162-671e-449a-bade-af8d46e47c4d	Rana Usman Login Successfully with the email iamranausman@gmail.com	2025-10-22 10:41:06.737699
156	09355162-671e-449a-bade-af8d46e47c4d	Product undefined added successfully by iamranausman@gmail.com with the role of admin	2025-10-22 11:36:37.370419
157	09355162-671e-449a-bade-af8d46e47c4d	Rana Usman Login Successfully with the email iamranausman@gmail.com	2025-10-23 17:06:53.169988
158	09355162-671e-449a-bade-af8d46e47c4d	Product undefined added successfully by iamranausman@gmail.com with the role of admin	2025-10-23 18:33:06.152214
159	09355162-671e-449a-bade-af8d46e47c4d	Rana Usman Login Successfully with the email iamranausman@gmail.com	2025-10-24 20:20:25.521118
160	09355162-671e-449a-bade-af8d46e47c4d	Rana Usman Login Successfully with the email iamranausman@gmail.com	2025-10-25 02:15:22.666864
161	09355162-671e-449a-bade-af8d46e47c4d	Rana Usman Login Successfully with the email iamranausman@gmail.com	2025-10-26 01:30:41.535471
162	09355162-671e-449a-bade-af8d46e47c4d	Rana Usman Login Successfully with the email iamranausman@gmail.com	2025-10-26 04:05:55.14143
163	09355162-671e-449a-bade-af8d46e47c4d	Rana Usman Login Successfully with the email iamranausman@gmail.com	2025-10-26 21:48:50.206211
164	09355162-671e-449a-bade-af8d46e47c4d	Rana Usman Login Successfully with the email iamranausman@gmail.com	2025-10-28 07:36:02.568958
165	09355162-671e-449a-bade-af8d46e47c4d	Rana Usman Login Successfully with the email iamranausman@gmail.com	2025-10-28 21:44:37.486541
166	09355162-671e-449a-bade-af8d46e47c4d	Product Testing Product 2 added successfully by iamranausman@gmail.com with the role of admin	2025-10-28 23:31:32.896948
167	09355162-671e-449a-bade-af8d46e47c4d	Product Testing Product 3 added successfully by iamranausman@gmail.com with the role of admin	2025-10-28 23:49:03.87418
168	09355162-671e-449a-bade-af8d46e47c4d	Rana Usman Login Successfully with the email iamranausman@gmail.com	2025-10-29 19:36:04.086192
169	09355162-671e-449a-bade-af8d46e47c4d	Rana Usman Login Successfully with the email iamranausman@gmail.com	2025-10-29 20:22:16.075883
170	09355162-671e-449a-bade-af8d46e47c4d	Product Testing Product 3 updated successfully by iamranausman@gmail.com	2025-10-29 23:22:26.637998
171	09355162-671e-449a-bade-af8d46e47c4d	Product Testing Product 3 Updated updated successfully by iamranausman@gmail.com	2025-10-29 23:22:39.815022
172	09355162-671e-449a-bade-af8d46e47c4d	Product Testing Product 3 Updated updated successfully by iamranausman@gmail.com	2025-10-29 23:22:59.864464
173	09355162-671e-449a-bade-af8d46e47c4d	Product Testing Product 3 Updated updated successfully by iamranausman@gmail.com	2025-10-29 23:27:32.478071
174	09355162-671e-449a-bade-af8d46e47c4d	Product Testing Product 3 Updated updated successfully by iamranausman@gmail.com	2025-10-29 23:33:16.694089
175	09355162-671e-449a-bade-af8d46e47c4d	Product Testing Product 3 Updated updated successfully by iamranausman@gmail.com	2025-10-29 23:33:24.634571
176	09355162-671e-449a-bade-af8d46e47c4d	Product Testing Product 3 Updated updated successfully by iamranausman@gmail.com	2025-10-29 23:33:46.671497
177	09355162-671e-449a-bade-af8d46e47c4d	Rana Usman Login Successfully with the email iamranausman@gmail.com	2025-10-31 22:50:37.27874
178	09355162-671e-449a-bade-af8d46e47c4d	Product Testing Title 5 added successfully by iamranausman@gmail.com with the role of admin	2025-10-31 23:36:25.218372
179	09355162-671e-449a-bade-af8d46e47c4d	Product Testing Title 6 added successfully by iamranausman@gmail.com with the role of admin	2025-10-31 23:44:56.70095
180	09355162-671e-449a-bade-af8d46e47c4d	Product Testing Title 5 updated successfully by iamranausman@gmail.com	2025-11-01 00:06:25.973253
181	09355162-671e-449a-bade-af8d46e47c4d	Product Testing Title 5 updated successfully by iamranausman@gmail.com	2025-11-01 00:08:07.053268
182	09355162-671e-449a-bade-af8d46e47c4d	Product Testing Title 6 Updated updated successfully by iamranausman@gmail.com	2025-11-01 00:09:15.790647
183	09355162-671e-449a-bade-af8d46e47c4d	Product Testing Title 6 Updated updated successfully by iamranausman@gmail.com	2025-11-01 00:09:44.663528
184	09355162-671e-449a-bade-af8d46e47c4d	Product Testing Title 5 updated updated successfully by iamranausman@gmail.com	2025-11-01 00:14:21.935333
185	09355162-671e-449a-bade-af8d46e47c4d	Product Testing Title 5 updated updated successfully by iamranausman@gmail.com	2025-11-01 00:16:06.201016
186	09355162-671e-449a-bade-af8d46e47c4d	Product Testing Title 6 Updated updated successfully by iamranausman@gmail.com	2025-11-01 00:22:10.729565
187	09355162-671e-449a-bade-af8d46e47c4d	Product Testing Product 3 Updated updated successfully by iamranausman@gmail.com	2025-11-01 01:04:24.221114
188	09355162-671e-449a-bade-af8d46e47c4d	Product Testing Product 2 updated successfully by iamranausman@gmail.com	2025-11-01 01:04:35.676815
189	09355162-671e-449a-bade-af8d46e47c4d	Product Product Title 1 updated successfully by iamranausman@gmail.com	2025-11-01 01:04:43.557608
190	09355162-671e-449a-bade-af8d46e47c4d	Product fe8c9996-050b-4939-aa97-645d0fa5da94 deleted successfully by iamranausman@gmail.com	2025-11-01 01:29:04.858444
191	09355162-671e-449a-bade-af8d46e47c4d	Project This is the first project added successfully by iamranausman@gmail.com with the role of admin	2025-11-01 04:13:00.375012
192	09355162-671e-449a-bade-af8d46e47c4d	Project This is the first project Updated updated successfully by iamranausman@gmail.com	2025-11-01 04:40:46.581872
193	09355162-671e-449a-bade-af8d46e47c4d	Project This is the first project Updated updated successfully by iamranausman@gmail.com	2025-11-01 04:41:33.111487
194	09355162-671e-449a-bade-af8d46e47c4d	Project Testing Project 2 added successfully by iamranausman@gmail.com with the role of admin	2025-11-01 04:43:35.272976
195	09355162-671e-449a-bade-af8d46e47c4d	Project Testing Project 2 updated successfully by iamranausman@gmail.com	2025-11-01 04:43:47.5932
196	09355162-671e-449a-bade-af8d46e47c4d	Project cca8584d-bffa-42fd-981a-b2e25b0ab161 deleted successfully by iamranausman@gmail.com	2025-11-01 04:44:00.217792
197	09355162-671e-449a-bade-af8d46e47c4d	Service Testing Setvice added successfully by iamranausman@gmail.com with the role of admin	2025-11-01 05:44:19.48402
198	09355162-671e-449a-bade-af8d46e47c4d	Service Testing Service added successfully by iamranausman@gmail.com with the role of admin	2025-11-01 05:55:56.172789
199	09355162-671e-449a-bade-af8d46e47c4d	Service Testing Service updated updated successfully by iamranausman@gmail.com	2025-11-01 06:05:05.927168
200	09355162-671e-449a-bade-af8d46e47c4d	Service aac34f43-0bd7-4041-8549-c351f431ecf8 deleted successfully by iamranausman@gmail.com	2025-11-01 06:05:16.490375
201	09355162-671e-449a-bade-af8d46e47c4d	Rana Usman Login Successfully with the email iamranausman@gmail.com	2025-11-01 07:05:32.28277
202	09355162-671e-449a-bade-af8d46e47c4d	Post First Post Title added successfully by iamranausman@gmail.com with the role of admin	2025-11-01 09:15:57.191417
203	09355162-671e-449a-bade-af8d46e47c4d	Post First Post Title Updated updated successfully by iamranausman@gmail.com	2025-11-01 09:22:09.222778
204	09355162-671e-449a-bade-af8d46e47c4d	Post First Post Title Updated updated successfully by iamranausman@gmail.com	2025-11-01 09:22:47.056409
205	09355162-671e-449a-bade-af8d46e47c4d	Post First Post Title Updated updated successfully by iamranausman@gmail.com	2025-11-01 09:23:33.143339
206	09355162-671e-449a-bade-af8d46e47c4d	Post First Post Title Updated updated successfully by iamranausman@gmail.com	2025-11-01 09:23:44.913784
207	09355162-671e-449a-bade-af8d46e47c4d	Post First Post Title Updated updated successfully by iamranausman@gmail.com	2025-11-01 09:23:57.87978
208	09355162-671e-449a-bade-af8d46e47c4d	Post Second Post added successfully by iamranausman@gmail.com with the role of admin	2025-11-01 09:26:09.101354
209	09355162-671e-449a-bade-af8d46e47c4d	Post 4a07138a-9193-436c-8aec-a76520eb20d0 deleted successfully by iamranausman@gmail.com	2025-11-01 09:27:39.898077
210	09355162-671e-449a-bade-af8d46e47c4d	Post Testing Post added successfully by iamranausman@gmail.com with the role of admin	2025-11-01 09:52:20.892895
211	09355162-671e-449a-bade-af8d46e47c4d	Page About Us added successfully by iamranausman@gmail.com with the role of admin	2025-11-01 11:07:33.033405
212	09355162-671e-449a-bade-af8d46e47c4d	Page About Us Updated updated successfully by iamranausman@gmail.com	2025-11-01 11:08:18.487467
213	09355162-671e-449a-bade-af8d46e47c4d	Page About Us Updated updated successfully by iamranausman@gmail.com	2025-11-01 11:08:30.073032
214	09355162-671e-449a-bade-af8d46e47c4d	Page About Us Updated updated successfully by iamranausman@gmail.com	2025-11-01 11:08:38.076395
215	09355162-671e-449a-bade-af8d46e47c4d	Page About Us Updated updated successfully by iamranausman@gmail.com	2025-11-01 11:09:02.120719
216	09355162-671e-449a-bade-af8d46e47c4d	Page Contact Us added successfully by iamranausman@gmail.com with the role of admin	2025-11-01 11:10:28.597791
217	09355162-671e-449a-bade-af8d46e47c4d	Menu Items for Main Menu added and updated successfully by iamranausman@gmail.com (Role: admin)	2025-11-01 19:31:18.025189
218	09355162-671e-449a-bade-af8d46e47c4d	Category Home Elevator added successfully by iamranausman@gmail.com	2025-11-01 21:07:18.581292
219	09355162-671e-449a-bade-af8d46e47c4d	Category Car Elevator added successfully by iamranausman@gmail.com	2025-11-01 21:08:28.42349
220	09355162-671e-449a-bade-af8d46e47c4d	Category Car Elevator updated successfully by iamranausman@gmail.com	2025-11-01 21:30:43.767469
221	09355162-671e-449a-bade-af8d46e47c4d	Category Car Elevator updated successfully by iamranausman@gmail.com	2025-11-01 21:39:33.250576
222	09355162-671e-449a-bade-af8d46e47c4d	Category Home Elevator updated successfully by iamranausman@gmail.com	2025-11-01 21:45:39.130812
223	09355162-671e-449a-bade-af8d46e47c4d	Category Heavy Lift added successfully by iamranausman@gmail.com	2025-11-01 21:53:13.974794
224	09355162-671e-449a-bade-af8d46e47c4d	Category Heavy Lift updated successfully by iamranausman@gmail.com	2025-11-01 21:54:21.068808
225	09355162-671e-449a-bade-af8d46e47c4d	Category Heavy Lift updated successfully by iamranausman@gmail.com	2025-11-01 21:56:39.357823
226	09355162-671e-449a-bade-af8d46e47c4d	Category Heavy Lift deleted successfully by iamranausman@gmail.com	2025-11-01 21:57:18.855391
227	09355162-671e-449a-bade-af8d46e47c4d	Rana Usman Login Successfully with the email iamranausman@gmail.com	2025-11-02 00:21:41.244736
228	09355162-671e-449a-bade-af8d46e47c4d	Service Testing Service added successfully by iamranausman@gmail.com with the role of admin	2025-11-02 00:26:20.386472
229	09355162-671e-449a-bade-af8d46e47c4d	Rana Usman Login Successfully with the email iamranausman@gmail.com	2025-11-03 00:21:47.250226
230	09355162-671e-449a-bade-af8d46e47c4d	Rana Usman Login Successfully with the email iamranausman@gmail.com	2025-11-03 00:30:00.328996
231	09355162-671e-449a-bade-af8d46e47c4d	Rana Usman Login Successfully with the email iamranausman@gmail.com	2025-11-03 06:58:29.292463
232	09355162-671e-449a-bade-af8d46e47c4d	Service Testing Service updated successfully by iamranausman@gmail.com	2025-11-03 09:51:14.808313
233	09355162-671e-449a-bade-af8d46e47c4d	Service Testing Service updated successfully by iamranausman@gmail.com	2025-11-03 09:55:25.073682
234	09355162-671e-449a-bade-af8d46e47c4d	Service Testing Service updated successfully by iamranausman@gmail.com	2025-11-03 09:55:54.348713
235	09355162-671e-449a-bade-af8d46e47c4d	Service Testing Service updated successfully by iamranausman@gmail.com	2025-11-03 10:00:55.979716
236	09355162-671e-449a-bade-af8d46e47c4d	Service Testing Service updated successfully by iamranausman@gmail.com	2025-11-03 10:09:12.955364
237	09355162-671e-449a-bade-af8d46e47c4d	Service Testing Service updated successfully by iamranausman@gmail.com	2025-11-03 10:46:15.40022
238	09355162-671e-449a-bade-af8d46e47c4d	Rana Usman Login Successfully with the email iamranausman@gmail.com	2025-11-04 05:54:22.847258
239	09355162-671e-449a-bade-af8d46e47c4d	Page Home added successfully by iamranausman@gmail.com with the role of admin	2025-11-04 06:21:03.314439
240	09355162-671e-449a-bade-af8d46e47c4d	Rana Usman Login Successfully with the email iamranausman@gmail.com	2025-11-04 09:44:02.701202
241	09355162-671e-449a-bade-af8d46e47c4d	Rana Usman Login Successfully with the email iamranausman@gmail.com	2025-11-05 21:48:27.376366
242	09355162-671e-449a-bade-af8d46e47c4d	Rana Usman Login Successfully with the email iamranausman@gmail.com	2025-11-08 22:49:10.854443
243	09355162-671e-449a-bade-af8d46e47c4d	Rana Usman Login Successfully with the email iamranausman@gmail.com	2025-11-09 00:31:24.37509
244	09355162-671e-449a-bade-af8d46e47c4d	Page About Us Updated updated successfully by iamranausman@gmail.com	2025-11-09 03:17:32.898281
245	09355162-671e-449a-bade-af8d46e47c4d	Page About Us updated successfully by iamranausman@gmail.com	2025-11-09 03:19:00.083035
246	09355162-671e-449a-bade-af8d46e47c4d	Page About Us updated successfully by iamranausman@gmail.com	2025-11-09 03:23:30.157407
247	09355162-671e-449a-bade-af8d46e47c4d	Page About Us updated successfully by iamranausman@gmail.com	2025-11-09 03:25:56.790825
248	09355162-671e-449a-bade-af8d46e47c4d	Page About Us updated successfully by iamranausman@gmail.com	2025-11-09 03:36:41.378151
249	09355162-671e-449a-bade-af8d46e47c4d	Page About Us updated successfully by iamranausman@gmail.com	2025-11-09 03:36:59.446834
250	09355162-671e-449a-bade-af8d46e47c4d	Page About Us updated successfully by iamranausman@gmail.com	2025-11-09 03:42:25.646419
251	09355162-671e-449a-bade-af8d46e47c4d	Page About Us updated successfully by iamranausman@gmail.com	2025-11-09 03:42:36.048201
252	09355162-671e-449a-bade-af8d46e47c4d	Page About Us updated successfully by iamranausman@gmail.com	2025-11-09 03:42:56.705892
253	09355162-671e-449a-bade-af8d46e47c4d	Page Services added successfully by iamranausman@gmail.com with the role of admin	2025-11-09 03:44:18.75962
254	09355162-671e-449a-bade-af8d46e47c4d	Post Testing Post updated successfully by iamranausman@gmail.com	2025-11-09 03:46:02.334997
255	09355162-671e-449a-bade-af8d46e47c4d	Post Second Post updated successfully by iamranausman@gmail.com	2025-11-09 07:32:31.943459
256	09355162-671e-449a-bade-af8d46e47c4d	Post The Importance of Education in Building Societies added successfully by iamranausman@gmail.com with the role of admin	2025-11-09 07:39:35.606152
257	09355162-671e-449a-bade-af8d46e47c4d	Rana Usman Login Successfully with the email iamranausman@gmail.com	2025-11-10 17:14:31.850634
258	09355162-671e-449a-bade-af8d46e47c4d	Rana Usman Login Successfully with the email iamranausman@gmail.com	2025-11-11 02:34:55.219099
259	09355162-671e-449a-bade-af8d46e47c4d	Rana Usman Login Successfully with the email iamranausman@gmail.com	2025-11-11 19:16:53.526819
260	09355162-671e-449a-bade-af8d46e47c4d	Rana Usman Login Successfully with the email iamranausman@gmail.com	2025-11-13 08:35:20.299758
261	09355162-671e-449a-bade-af8d46e47c4d	Rana Usman Login Successfully with the email iamranausman@gmail.com	2025-11-14 11:23:26.203456
262	09355162-671e-449a-bade-af8d46e47c4d	Rana Usman Login Successfully with the email iamranausman@gmail.com	2025-11-15 23:21:37.885396
263	09355162-671e-449a-bade-af8d46e47c4d	Product Testing Product 3 Updated updated successfully by iamranausman@gmail.com	2025-11-16 00:30:07.026125
264	09355162-671e-449a-bade-af8d46e47c4d	Product Testing Product 10 added successfully by iamranausman@gmail.com with the role of admin	2025-11-16 00:38:12.197412
265	09355162-671e-449a-bade-af8d46e47c4d	Product Testing Product 10 updated successfully by iamranausman@gmail.com	2025-11-16 00:39:15.996812
266	09355162-671e-449a-bade-af8d46e47c4d	Post Testing Post title 10 added successfully by iamranausman@gmail.com with the role of admin	2025-11-16 19:28:35.224398
267	09355162-671e-449a-bade-af8d46e47c4d	Post The Importance of Education in Building Societies updated successfully by iamranausman@gmail.com	2025-11-16 20:49:31.856461
268	09355162-671e-449a-bade-af8d46e47c4d	Rana Usman Login Successfully with the email iamranausman@gmail.com	2025-11-17 06:27:50.250666
269	09355162-671e-449a-bade-af8d46e47c4d	Project Testing Project 2 updated successfully by iamranausman@gmail.com	2025-11-17 06:30:43.871754
270	09355162-671e-449a-bade-af8d46e47c4d	Rana Usman Login Successfully with the email iamranausman@gmail.com	2025-11-17 19:28:51.017277
\.


--
-- Data for Name: authors; Type: TABLE DATA; Schema: public; Owner: postgres
--

COPY public.authors (id, name, description, profile_picture, social_links, is_active, created_at, updated_at) FROM stdin;
13bb9d3c-4c50-4357-9a57-7d56b176e054	Rana Usman	<p>THis si the another testing author</p>	author_profile_pictures/pxw9baqxe8xzqhmcry8u	{}	t	2025-11-16 04:11:53.705-08	2025-11-16 04:12:19.145-08
\.


--
-- Data for Name: categories; Type: TABLE DATA; Schema: public; Owner: postgres
--

COPY public.categories (id, parent_id, is_indexable, is_active, created_at, updated_at) FROM stdin;
a0a6b816-e22d-48f3-8776-84d9dd41282e	63c6d69b-8008-4095-ac63-bc9377c59f48	t	t	2025-11-01 21:08:28.42349	2025-11-01 21:39:33.250576
63c6d69b-8008-4095-ac63-bc9377c59f48	\N	t	t	2025-11-01 21:07:18.581292	2025-11-01 21:45:39.130812
\.


--
-- Data for Name: categories_translations; Type: TABLE DATA; Schema: public; Owner: postgres
--

COPY public.categories_translations (id, category_id, name, slug, description, meta_title, meta_description, category_schema, language, created_at, updated_at) FROM stdin;
6c537bff-94a3-4542-a78e-c76980ea3bdf	a0a6b816-e22d-48f3-8776-84d9dd41282e	Car Elevator	car-elevator	<p>Car ElevatorCar ElevatorCar ElevatorCar Elevator Car ElevatorCar Elevator</p>	Car Elevator Car Elevator	Car Elevator Car Elevator Car Elevator Car Elevator Car ElevatorCar Elevator	["{\\n  \\"@context\\": \\"https://schema.org\\",\\n  \\"@type\\": \\"Article\\",\\n  \\"headline\\": \\"\\",\\n  \\"image\\": \\"\\",  \\n  \\"author\\": {\\n    \\"@type\\": \\"\\",\\n    \\"name\\": \\"\\"\\n  },  \\n  \\"publisher\\": {\\n    \\"@type\\": \\"Organization\\",\\n    \\"name\\": \\"\\",\\n    \\"logo\\": {\\n      \\"@type\\": \\"ImageObject\\",\\n      \\"url\\": \\"\\"\\n    }\\n  },\\n  \\"datePublished\\": \\"\\"\\n}"]	en	2025-11-01 21:08:28.42349	2025-11-01 21:39:33.250576
c66b6c18-27fc-4b29-a570-4a15bee6b5a4	a0a6b816-e22d-48f3-8776-84d9dd41282e	g hrteryb yteb tyebyet	g-hrteryb-yteb-tyebyet	<p>VVVVVVVVVVCar ElevatorCar ElevatorCar ElevatorCar ElevatorCar ElevatorCar ElevatorCar ElevatorCar ElevatorCar ElevatorCar ElevatorCar ElevatorCar ElevatorCar ElevatorCar Elevator</p>	 tgr hj ety eh retb trrtb tyuynuynymyrntntb	 hgnrynrrtnryntbtrbhtrb trbhrtmjymyjmjhynhyn thrntrhb hnhtnhn hn hn	["{\\n  \\"@context\\": \\"https://schema.org\\",\\n  \\"@type\\": \\"Article\\",\\n  \\"headline\\": \\"\\",\\n  \\"image\\": \\"\\",  \\n  \\"author\\": {\\n    \\"@type\\": \\"\\",\\n    \\"name\\": \\"\\"\\n  },  \\n  \\"publisher\\": {\\n    \\"@type\\": \\"Organization\\",\\n    \\"name\\": \\"\\",\\n    \\"logo\\": {\\n      \\"@type\\": \\"ImageObject\\",\\n      \\"url\\": \\"\\"\\n    }\\n  },\\n  \\"datePublished\\": \\"\\"\\n}"]	ar	2025-11-01 21:08:28.42349	2025-11-01 21:39:33.250576
28e7be2e-f61d-4f63-9f39-f0e0df54a68e	63c6d69b-8008-4095-ac63-bc9377c59f48	Home Elevator	home-elevator	<p>Home ElevatorHome ElevatorHome ElevatorHome ElevatorHome ElevatorHome ElevatorHome ElevatorHome ElevatorHome ElevatorHome ElevatorHome ElevatorHome ElevatorHome ElevatorHome ElevatorHome ElevatorHome ElevatorHome ElevatorHome ElevatorHome ElevatorHome ElevatorHome ElevatorHome ElevatorHome ElevatorHome ElevatorHome Elevator</p>	Home Elevator Home Elevator	Home Elevator Home Elevator Home Elevator Home Elevator Home Elevator 	["{\\n  \\"@context\\": \\"https://schema.org\\",\\n  \\"@type\\": \\"Article\\",\\n  \\"headline\\": \\"\\",\\n  \\"image\\": \\"\\",\\n  \\"author\\": {\\n    \\"@type\\": \\"\\",\\n    \\"name\\": \\"\\"\\n  },\\n  \\"publisher\\": {\\n    \\"@type\\": \\"Organization\\",\\n    \\"name\\": \\"\\",\\n    \\"logo\\": {\\n      \\"@type\\": \\"ImageObject\\",\\n      \\"url\\": \\"\\"\\n    }\\n  },\\n  \\"datePublished\\": \\"\\"\\n}"]	en	2025-11-01 21:07:18.581292	2025-11-01 21:45:39.130812
4e604610-3823-440a-a08a-3405fadfcd04	63c6d69b-8008-4095-ac63-bc9377c59f48	frn tebtbtebreb rbr 	frn-tebtbtebreb-rbr	<p>Home ElevatorHome ElevatorHome ElevatorHome ElevatorHome ElevatorHome ElevatorHome ElevatorHome ElevatorHome ElevatorHome ElevatorHome ElevatorHome ElevatorHome ElevatorHome ElevatorHome ElevatorHome ElevatorHome ElevatorHome ElevatorHome ElevatorHome ElevatorHome ElevatorHome ElevatorHome ElevatorHome ElevatorHome ElevatorHome Elevator</p>	rt her hbrfgbrvrh5yeehrrtgrth ytehyth rt	sd fbergfh etyj yukuikoiyunthfgbrt brv fdv	[]	ar	2025-11-01 21:07:18.581292	2025-11-01 21:45:39.130812
\.


--
-- Data for Name: component_templates; Type: TABLE DATA; Schema: public; Owner: postgres
--

COPY public.component_templates (id, template_name, component_type, component_props, category, description, is_active, created_at, updated_at) FROM stdin;
\.


--
-- Data for Name: menu; Type: TABLE DATA; Schema: public; Owner: postgres
--

COPY public.menu (id, name, "position", language, created_at, updated_at) FROM stdin;
bdbf1653-4799-46be-9420-bebfc0257a01	Main Menu	header	en	2025-08-26 01:27:24.307326	2025-08-26 01:27:24.307326
c72ac377-cdeb-47b2-8895-85331e134336	Main Menu	header	ar	2025-08-26 01:27:31.659448	2025-08-26 01:27:31.659448
56192696-e96a-4778-a32c-6b5d8d483116	Top Header	top_header	en	2025-08-26 01:32:58.300981	2025-08-26 01:48:08.169007
0c925617-2dc3-4508-a78f-5da07919e496	Top Header	top_header	ar	2025-08-29 07:18:02.111006	2025-08-29 07:18:02.111006
\.


--
-- Data for Name: menu_items; Type: TABLE DATA; Schema: public; Owner: postgres
--

COPY public.menu_items (id, menu_id, reference_id, title, type, link, parent_id, sort_order, language) FROM stdin;
cfEIkN-X9GISIs7sFZzG2	56192696-e96a-4778-a32c-6b5d8d483116	\N	Home	custom_link	http://localhost:3000	\N	0	en
4Hi0sLaE8vPWC1IxqQSNL	56192696-e96a-4778-a32c-6b5d8d483116	a54da63e-af5c-478e-8482-0c3356346d7a	\N	category	\N	\N	1	en
8-NE68O2PhYPzzWKf-wao	56192696-e96a-4778-a32c-6b5d8d483116	5f2be653-6ee4-4526-a87c-bbcb9872288a	\N	category	\N	\N	2	en
WBewxt7NhZwNuYeMqgv38	0c925617-2dc3-4508-a78f-5da07919e496	\N	╪¿┘è╪¬	custom_link	http://localhost:3000	\N	0	ar
RjWeoFfkHN8X-J0OiWGnh	0c925617-2dc3-4508-a78f-5da07919e496	a54da63e-af5c-478e-8482-0c3356346d7a	\N	category	\N	\N	1	ar
ejCozvEOnkgSSY7I-1wo6	0c925617-2dc3-4508-a78f-5da07919e496	5f2be653-6ee4-4526-a87c-bbcb9872288a	\N	category	\N	\N	2	ar
I5kXMjBahrhO1s0vsyhlV	bdbf1653-4799-46be-9420-bebfc0257a01	1dd46da3-d244-4a38-9bb9-1ee817b891b4	\N	page	\N	\N	0	en
jsI47DWCQGkVwzD2oRHyj	bdbf1653-4799-46be-9420-bebfc0257a01	ddd669e3-0f7c-4172-b438-4a8b5a66420f	\N	page	\N	\N	1	en
\.


--
-- Data for Name: pages; Type: TABLE DATA; Schema: public; Owner: postgres
--

COPY public.pages (id, is_indexable, is_active, page_create_date, page_update_date) FROM stdin;
ddd669e3-0f7c-4172-b438-4a8b5a66420f	t	t	2025-11-01 11:10:28.597791	2025-11-01 11:10:28.597791
8fb7dbfa-66c5-41a5-a423-e03f47ad33cf	t	t	2025-11-04 06:21:03.314439	2025-11-04 06:21:03.314439
1dd46da3-d244-4a38-9bb9-1ee817b891b4	t	t	2025-11-01 11:07:33.033405	2025-11-01 11:07:33.033405
286e44f1-ca7b-4724-9a67-89b8a8e05b8f	t	t	2025-11-09 03:44:18.75962	2025-11-09 03:44:18.75962
\.


--
-- Data for Name: pages_translations; Type: TABLE DATA; Schema: public; Owner: postgres
--

COPY public.pages_translations (id, page_id, page_title, page_slug, page_meta_title, page_meta_description, page_schemas, builder_data, language) FROM stdin;
b250a8c3-0127-462b-8218-d9eb2bc3d86f	ddd669e3-0f7c-4172-b438-4a8b5a66420f	Contact Us	contact-us	Meta title contact us	Meta Description contact us	[]	{"components": [{"id": "comp_1762072108230_ssft7rrfm", "type": "ServiceGrid", "props": {"id": "comp_1762072108230_wx799skuf", "title": "Our Services", "columns": 3, "services": [{"id": "1", "icon": "≡ƒÆ╗", "title": "Web Development", "description": "Custom web applications built with modern technologies"}, {"id": "2", "icon": "≡ƒÄ¿", "title": "UI/UX Design", "description": "Beautiful and intuitive user interface designs"}, {"id": "3", "icon": "≡ƒôê", "title": "Digital Marketing", "description": "Strategic marketing to grow your online presence"}], "subtitle": "We offer a wide range of services to meet your needs"}}, {"id": "comp_1762072112116_rs469wv7w", "type": "ProductHeader", "props": {"id": "comp_1762072112116_o4d6thedr", "mediaItems": [{"alt": "Product image", "src": "/images/product-one.webp", "type": "image", "thumbnail": "/images/product-one.webp"}], "ratingText": "15+ Years Experience", "showRating": true, "productName": "Product Name", "primaryButton": {"icon": "FiPhone", "text": "Get Quote"}, "ratingSubtext": "Your trusted elevator company just one call away.", "longDescription": "Detailed product description goes here. This should provide comprehensive information about the product features and benefits.", "secondaryButton": {"icon": "FiMail", "text": "Inquiry"}}}]}	en
d4cd62f9-8ba5-41ec-8763-33e461b0a776	ddd669e3-0f7c-4172-b438-4a8b5a66420f	 serbrgts dgsfgrtjhrstjryshstf	serbrgts-dgsfgrtjhrstjryshstf	 thsrt trh rtshrtshsrhngfchsrg v b	 trhrthsfdbxfcbsrt hrt jhrthrtjtryhtrhfgb gf djrt	[]	\N	ar
8b641c17-f085-4cbd-8dbb-8cc6e825ad25	8fb7dbfa-66c5-41a5-a423-e03f47ad33cf	hftdt jg dfhg jdg hdf jgj	╪¿┘è╪¬	╪╣┘å┘ê╪º┘å ╪º┘ä╪¬╪╣╪▒┘è┘ü ┘ä┘ä╪╡┘ü╪¡╪⌐ ╪º┘ä╪▒╪ª┘è╪│┘è╪⌐	╪º┘ä┘ê╪╡┘ü ╪º┘ä╪¬╪╣╪▒┘è┘ü┘è ┘ä┘ä╪╡┘ü╪¡╪⌐ ╪º┘ä╪▒╪ª┘è╪│┘è╪⌐	[]	{"components": [{"id": "comp_1762681440245_spqcbvxic", "type": "AboutSection", "props": {"id": "comp_1762681440245_20p2sdlt7", "title": "15 Years of Experience In This Business.", "images": {"alt1": "Premium Lift Installation", "alt2": "Premium Lift Installation", "image1": "/images/product-one.webp", "image2": "/images/product-two.webp"}, "textAlign": "left", "description": "<h2><strong>┘å╪╡ ╪╣╪▒╪¿┘è ┘à╪½╪º┘ä</strong></h2><p><strong>╪º┘ä┘ä╪║╪⌐ ╪º┘ä╪╣╪▒╪¿┘è╪⌐</strong> ┘ç┘è ┘ê╪º╪¡╪»╪⌐ ┘à┘å ╪ú╪¼┘à┘ä ┘ä╪║╪º╪¬ ╪º┘ä╪╣╪º┘ä┘à╪î ╪¬╪¬┘à┘è╪▓ ╪¿┘ü┘å┘ê┘å ╪º┘ä╪«╪╖┘ê╪╖ ┘ê╪º┘ä╪¿┘ä╪º╪║╪⌐. ╪¬╪¬┘â┘ê┘å ┘à┘å 28 ╪¡╪▒┘ü╪º┘ï ╪¬┘â╪¬╪¿ ┘à┘å ╪º┘ä┘è┘à┘è┘å ╪Ñ┘ä┘ë ╪º┘ä┘è╪│╪º╪▒╪î ┘ê╪¬╪¡╪¬┘ê┘è ╪╣┘ä┘ë ┘à┘ü╪▒╪»╪º╪¬ ╪║┘å┘è╪⌐ ┘ê╪¬╪╣╪¿┘è╪▒╪º╪¬ ╪┤╪╣╪▒┘è╪⌐ ╪▒╪º╪ª╪╣╪⌐.</p><p><strong>┘à┘å ╪ú╪¼┘à┘ä ╪º┘ä╪╣╪¿╪º╪▒╪º╪¬ ╪º┘ä╪╣╪▒╪¿┘è╪⌐:</strong></p><ul class=\\"list-disc ml-3\\"><li><p>\\"╪º┘ä┘â╪¬╪º╪¿ ╪«┘è╪▒ ╪¼┘ä┘è╪│ ┘ü┘è ╪º┘ä╪ú┘å╪º┘à\\"</p></li><li><p>\\"╪º┘ä╪╣┘ä┘à ┘ü┘è ╪º┘ä╪╡╪║╪▒ ┘â╪º┘ä┘å┘é╪┤ ╪╣┘ä┘ë ╪º┘ä╪¡╪¼╪▒\\"</p></li><li><p>\\"╪º┘ä╪╡╪»┘é ┘à┘å╪¼╪º╪⌐\\"</p></li></ul><h2><strong>┘à╪╣┘ä┘ê┘à╪º╪¬ ╪½┘é╪º┘ü┘è╪⌐:</strong></h2><p>╪º┘ä╪╣╪▒╪¿┘è╪⌐ ┘ç┘è ╪º┘ä┘ä╪║╪⌐ ╪º┘ä╪▒╪│┘à┘è╪⌐ ┘ü┘è 25 ╪»┘ê┘ä╪⌐╪î ┘ê┘è╪¬╪¡╪»╪½┘ç╪º ╪ú┘â╪½╪▒ ┘à┘å 400 ┘à┘ä┘è┘ê┘å ╪┤╪«╪╡ ╪¡┘ê┘ä ╪º┘ä╪╣╪º┘ä┘à. ┘ê┘ç┘è ┘ä╪║╪⌐ ╪º┘ä┘é╪▒╪ó┘å ╪º┘ä┘â╪▒┘è┘à╪î ┘à┘à╪º ╪ú╪╣╪╖╪º┘ç╪º ┘à┘â╪º┘å╪⌐ ╪«╪º╪╡╪⌐ ┘ü┘è ┘é┘ä┘ê╪¿ ╪º┘ä┘à╪│┘ä┘à┘è┘å.</p><p>┘ç┘ä ╪¬╪▒┘è╪» ┘à╪¡╪¬┘ê┘ë ┘à╪¡╪»╪» ┘ü┘è ┘à╪¼╪º┘ä ┘à╪╣┘è┘å╪ƒ ┘à╪½┘ä ╪º┘ä╪ú╪»╪¿╪î ╪º┘ä╪┤╪╣╪▒╪î ╪º┘ä╪½┘é╪º┘ü╪⌐╪î ╪ú┘ê ╪ú┘è ┘à┘ê╪╢┘ê╪╣ ╪ó╪«╪▒╪ƒ ≡ƒÿè<br></p>", "headingLevel": "h2", "showCircularBorder": true}}, {"id": "comp_1762685039513_2psiiqsm3", "type": "Specifications", "props": {"id": "comp_1762685039513_5cpeykxxi", "title": "Technical Specifications", "specifications": {"Cab Size": "30\\" to 52\\" diameter", "Travel Speed": "15-30 ft/min", "Floors Served": "2-6 floors", "Load Capacity": "350-450 lbs", "Power Required": "220V single phase", "Installation Time": "2-3 days"}, "technicalSketchTitle": "Technical Sketch", "technicalSketchDescription": "Detailed CAD drawings available upon request"}}, {"id": "comp_1762685066007_ehcojgwus", "type": "FAQSection", "props": {"id": "comp_1762685066007_yll0ujh30", "faqs": [{"id": "1", "answer": "Typically, installation takes 2-3 days depending on the complexity and type of elevator.", "question": "How long does the installation process take?"}, {"id": "2", "answer": "Yes, we offer comprehensive maintenance packages to ensure your elevator operates smoothly.", "question": "Do you provide maintenance services?"}], "title": "Frequently Asked Questions", "layout": "left", "features": [{"id": "1", "icon": "FiAward", "text": "15+ Years of Experience in Elevator Industry"}, {"id": "2", "icon": "FiCheck", "text": "Certified and Licensed Technicians"}, {"id": "3", "icon": "FiClock", "text": "24/7 Emergency Support Service"}], "whyChooseUsTitle": "Why Choose Us?"}}]}	ar
924e5a28-9e72-4dac-b9a4-03beeb02b565	286e44f1-ca7b-4724-9a67-89b8a8e05b8f	Services	services			[]	\N	en
e20770e9-a3fe-4f44-ba6a-9b487a60e8fb	1dd46da3-d244-4a38-9bb9-1ee817b891b4	About Us	about-us	Meta Title Meta Title Meta Title 	Meta Title  Meta Title  Meta Title  Meta Title Meta Title Meta Title  Meta Title  Meta Title 	["<script type=\\"application/ld+json\\">\\n{\\n  \\"@context\\": \\"https://schema.org\\",\\n  \\"@type\\": \\"Article\\",\\n  \\"headline\\": \\"\\",\\n  \\"image\\": \\"\\",  \\n  \\"author\\": {\\n    \\"@type\\": \\"\\",\\n    \\"name\\": \\"\\"\\n  },  \\n  \\"publisher\\": {\\n    \\"@type\\": \\"Organization\\",\\n    \\"name\\": \\"\\",\\n    \\"logo\\": {\\n      \\"@type\\": \\"ImageObject\\",\\n      \\"url\\": \\"\\"\\n    }\\n  },\\n  \\"datePublished\\": \\"\\"\\n}\\n</script>"]	{"components": [{"id": "comp_1762866401260_4lc119pca", "type": "ServicesGrid", "props": {"id": "comp_1762866401260_825g1v9pp", "columns": 4, "dataSource": "api", "apiEndpoint": "/api/frontend/allservices", "servicesCount": 4, "selectedLanguage": "en", "showCategoryBadge": true}}, {"id": "comp_1763284032347_dkfpxm20d", "type": "ProductsFilter", "props": {"id": "comp_1763284032347_aif6k2z9f", "columns": 3, "dataSource": "api", "apiEndpoint": "/api/frontend/allproducts", "showRatings": true, "showFeatures": true, "productsCount": 4, "showCategories": true, "showAllProducts": true, "selectedLanguage": "en"}}, {"id": "comp_1763395819406_s2frpq4qj", "type": "ProjectsFilter", "props": {"id": "comp_1763395819406_s4s8oyk28", "columns": 3, "dataSource": "api", "apiEndpoint": "/api/frontend/allprojects", "showRatings": true, "showFeatures": true, "projectsCount": 6, "showCategories": true, "showAllProjects": false, "selectedLanguage": "en"}}, {"id": "comp_1763399747097_s3wqqhj36", "type": "TestimonialsSection", "props": {"id": "comp_1763399747097_mf0lrj9cr", "title": "What People Say", "dataSource": "api", "apiEndpoint": "/api/frontend/alltestimonials", "companyInfo": {"logo": "/images/logo.webp", "name": "Easy Move Elevator Trading LLC", "description": "Best elevator company | Elevators Manufacturer | UAE", "overallRating": 4.8, "reviewButtonLink": "#", "reviewButtonText": "Write a review"}, "sliderConfig": {"gap": 8, "dots": false, "speed": 500, "canDrag": true, "autoplay": true, "showArrows": false, "pauseOnHover": true, "slidesToShow": {"lg": 2, "md": 1, "sm": 1, "xs": 1, "default": 3}, "autoplaySpeed": 4000}, "showCompanyInfo": true, "selectedLanguage": "en", "showReviewButton": true, "testimonialsCount": 6, "showAllTestimonials": false}}, {"id": "comp_1763404422124_s1ln83rfj", "type": "BlogPosts", "props": {"id": "comp_1763404422124_dkvd2clzu", "dataSource": "api", "apiEndpoint": "/api/frontend/allblogposts", "postsPerPage": 6, "showAllPosts": false, "showCategories": true, "selectedLanguage": "en"}}]}	en
abd61d6f-1be2-4d54-a5ea-966a0f456f44	286e44f1-ca7b-4724-9a67-89b8a8e05b8f	╪«╪»┘à╪º╪¬	╪«╪»┘à╪º╪¬			[]	\N	ar
776f3c53-ad54-449c-bc97-d03ece4848c0	1dd46da3-d244-4a38-9bb9-1ee817b891b4	┘à╪╣┘ä┘ê┘à╪º╪¬ ╪╣┘å╪º	┘à╪╣┘ä┘ê┘à╪º╪¬-╪╣┘å╪º	╪╣┘å┘ê╪º┘å ╪º┘ä╪¬╪╣╪▒┘è┘ü ┘ä┘ä╪╡┘ü╪¡╪⌐ ╪º┘ä╪▒╪ª┘è╪│┘è╪⌐	╪º┘ä┘ê╪╡┘ü ╪º┘ä╪¬╪╣╪▒┘è┘ü┘è ┘ä┘ä╪╡┘ü╪¡╪⌐ ╪º┘ä╪▒╪ª┘è╪│┘è╪⌐	["<script type=\\"application/ld+json\\">\\n{\\n  \\"@context\\": \\"https://schema.org\\",\\n  \\"@type\\": \\"Article\\",\\n  \\"headline\\": \\"\\",\\n  \\"image\\": \\"\\",  \\n  \\"author\\": {\\n    \\"@type\\": \\"\\",\\n    \\"name\\": \\"\\"\\n  },  \\n  \\"publisher\\": {\\n    \\"@type\\": \\"Organization\\",\\n    \\"name\\": \\"\\",\\n    \\"logo\\": {\\n      \\"@type\\": \\"ImageObject\\",\\n      \\"url\\": \\"\\"\\n    }\\n  },\\n  \\"datePublished\\": \\"\\"\\n}\\n</script>"]	{"components": [{"id": "comp_1762831047733_6s7z7xsdw", "type": "AboutHero", "props": {"id": "comp_1762831047733_t2fdu2aa0", "title": "About Easy Move From Backend", "height": "large", "subtitle": "15 Years of Experience In This Business. Easy Move is a well-known elevator company.", "videoUrl": "/videos/banner.webm", "backgroundType": "video", "overlayOpacity": 60, "backgroundImage": "", "highlightedText": "Easy Move"}}, {"id": "comp_1762827840672_ylozfukgj", "type": "StatsSection", "props": {"id": "comp_1762827840672_xzfc6nx32", "stats": [{"id": "1", "icon": "FiUsers", "label": "Satisfied Clients", "number": "500+"}, {"id": "2", "icon": "FiAward", "label": "Complete Projects", "number": "900+"}, {"id": "3", "icon": "FiTrendingUp", "label": "Years Experience", "number": "15+"}, {"id": "4", "icon": "FiSettings", "label": "Our Services", "number": "25+"}], "columns": 4, "background": "default"}}]}	ar
8a5a43c3-91ac-46b1-9402-ac07d18d021c	8fb7dbfa-66c5-41a5-a423-e03f47ad33cf	Home	home	Home Page Meta Title	Home Page Meta Description	[]	{"components": [{"id": "comp_1762266095175_pr35kvfsi", "type": "AboutSection", "props": {"id": "comp_1762266095175_d9devm3we", "title": "15 Years of Experience In This Business.", "images": {"alt1": "Premium Lift Installation", "alt2": "Premium Lift Installation", "image1": "elevator_blog_images/osit2xeuhles5uexkycs", "image2": "elevator_blog_images/ttgmlyrixjpuklttcpmy"}, "textAlign": "center", "description": "<p>Easy move is a well-known elevator company. There are many elevator companies but easy move elevator is a bit different from others because we are following the market trend to reach the customer requireme<strong>nts. Our highly professional staff</strong> serving in the market of the middle east. Our brand has a huge quantity of variety. We are not only focused on quantity, best quality is always our first priority. we are manufacturing with high industrial material. we at Easy move elevator are very responsive and we are creating affordable choices for customers with a warranty for many years.</p>", "headingLevel": "h3", "experienceYears": "15", "showCircularBorder": true}}, {"id": "comp_1762269251343_pzghw9wi8", "type": "ProductsSection", "props": {"id": "comp_1762269251343_3r2np9ijp", "title": "Our Products", "padding": true, "products": [{"id": "1", "alt": "Passenger Elevators", "link": "/products/passenger-elevators", "image": "/images/product-one.webp", "title": "Passenger Elevators"}, {"id": "2", "alt": "Freight Elevators", "link": "/products/freight-elevators", "image": "/images/product-two.webp", "title": "Freight Elevators"}, {"id": "3", "alt": "Home Elevators", "link": "/products/home-elevators", "image": "/images/product-three.webp", "title": "Home Elevators"}, {"id": "4", "alt": "Maintenance & Service", "link": "/services/maintenance", "image": "/images/product-four.webp", "title": "Maintenance & Service"}, {"id": "5", "alt": "Modernization", "link": "/services/modernization", "image": "/images/product-five.webp", "title": "Modernization"}, {"id": "6", "alt": "Installation", "link": "/services/installation", "image": "/images/product-six.webp", "title": "Installation"}], "subtitle": "Discover our range of elevator solutions", "sliderConfig": {"gap": 16, "dots": false, "speed": 500, "canDrag": true, "autoplay": true, "showArrows": false, "pauseOnHover": true, "slidesToShow": {"lg": 3, "md": 3, "sm": 3, "xs": 3, "default": 4}, "autoplaySpeed": 2000}, "sectionScroll": false, "showViewAllButton": true, "viewAllButtonLink": "/products", "viewAllButtonText": "View All Products"}}, {"id": "comp_1762271588778_ps8fvg3tf", "type": "AboutUsSection", "props": {"id": "comp_1762271588778_cm61gvnvp", "title": "Our Services", "videos": [{"id": "1762271647813", "title": "Elevator", "youtubeId": "dwscdffgggggg", "description": "", "thumbnailUrl": "elevator_blog_images/q9meuky8oslzsz26n3b7"}, {"id": "1762272247171", "title": "thesfgh", "youtubeId": "vbhfghjhjgffg", "description": "", "thumbnailUrl": "elevator_blog_images/ncekkakimgqhmttjfdcf"}], "services": [{"id": "1", "icon": "MdDesignServices", "title": "Design & Build", "description": "We design and build elevators tailored to your building requirements with complete execution."}, {"id": "2", "icon": "MdEngineering", "title": "Customization", "description": "We provide personalized elevator solutions in size, finish, and technology to match your needs."}, {"id": "3", "icon": "MdSpeed", "title": "Modernization", "description": "Upgrade old elevators with the latest technology for improved safety, efficiency, and aesthetics."}, {"id": "4", "icon": "MdBuild", "title": "Installation", "description": "We ensure fast, reliable, and compliant installation services for all types of elevators."}, {"id": "5", "icon": "MdSupportAgent", "title": "Maintenance & Repair", "description": "24/7 support and preventive maintenance to keep your elevators running smoothly and safely."}], "sliderConfig": {"gap": 8, "dots": false, "speed": 500, "canDrag": true, "autoplay": true, "showArrows": false, "pauseOnHover": true, "slidesToShow": {"lg": 3, "md": 3, "sm": 3, "xs": 3, "default": 3}, "autoplaySpeed": 3000}}}, {"id": "comp_1762272705558_87f3v4ra1", "type": "ClientsSection", "props": {"id": "comp_1762272705558_1esvaqt7s", "title": "Our Clients", "clients": [{"id": "1762272832462", "logo": "elevator_blog_images/rhma3a0szqpm2v4jckvl", "name": "FAKHRUDDIN", "website": ""}, {"id": "1762272856998", "logo": "elevator_blog_images/wcdkcu7iuxmkzb0ps9wj", "name": "THOMUSUN", "website": ""}], "columns": {"mobile": 3, "tablet": 4, "desktop": 5}, "spacing": "medium", "subtitle": "Trusted by industry leaders worldwide, we deliver exceptional lifting solutions that meet the highest standards of quality and reliability.", "showBackground": true}}, {"id": "comp_1762278812520_182p3gyew", "type": "InstagramSection", "props": {"id": "comp_1762278812520_kvqke1ixp", "posts": [{"id": "1", "date": "2 days ago", "link": "https://instagram.com/p/...", "image": "elevator_blog_images/fnzg64dkn9x4avxwp2zl", "title": "Modern Elevator Installation", "description": "Just completed a stunning modern elevator installation in Downtown Dubai. Premium quality with smart features."}, {"id": "2", "date": "1 week ago", "link": "https://instagram.com/p/...", "image": "elevator_blog_images/p2xcnfpqmlqcytj1u5aj", "title": "Residential Lift Solutions", "description": "Transforming homes with our elegant residential elevators. Space-saving designs for modern living."}, {"id": "3", "date": "2 weeks ago", "link": "https://instagram.com/p/...", "image": "elevator_blog_images/fddiyvpwhimyopibbgvn", "title": "Commercial Project", "description": "Working on a major commercial project in Business Bay. High-capacity elevators for busy office buildings."}], "profile": {"username": "easymovelift", "followers": "2.5K", "following": "150", "description": "Leading elevator solutions provider in Dubai. Residential & commercial lifts installation, maintenance, and modernization.", "profileImage": "/images/logo.webp"}, "showProfile": true, "sliderConfig": {"gap": 16, "dots": false, "speed": 500, "canDrag": true, "autoplay": false, "showArrows": false, "pauseOnHover": true, "slidesToShow": {"lg": 3, "md": 2, "sm": 1, "xs": 1, "default": 3}, "autoplaySpeed": 4000}, "showLogoOnPosts": true}}, {"id": "comp_1762280306446_8cn09nv3l", "type": "TestimonialsSection", "props": {"id": "comp_1762280306446_ab7hah2fq", "title": "What People Say", "companyInfo": {"logo": "/images/logo.webp", "name": "Easy Move Elevator Trading LLC", "description": "Best elevator company | Elevators Manufacturer | UAE", "overallRating": 4.8, "reviewButtonLink": "#", "reviewButtonText": "Write a review"}, "sliderConfig": {"gap": 8, "dots": false, "speed": 500, "canDrag": true, "autoplay": true, "showArrows": false, "pauseOnHover": true, "slidesToShow": {"lg": 2, "md": 1, "sm": 1, "xs": 1, "default": 3}, "autoplaySpeed": 4000}, "testimonials": [{"id": "1", "date": "2 weeks ago", "name": "Ahmed Hassan", "text": "Excellent service! The team installed our home elevator perfectly and on time. Highly recommended!", "avatar": "AH", "rating": 5, "company": "Google"}, {"id": "2", "date": "1 month ago", "name": "Sarah Johnson", "text": "Professional and reliable. They completed our commercial elevator installation ahead of schedule.", "avatar": "SJ", "rating": 5, "company": "Microsoft"}, {"id": "3", "date": "3 weeks ago", "name": "Mohammed Ali", "text": "Good quality work and reasonable pricing. The maintenance service is also very prompt.", "avatar": "MA", "rating": 4, "company": "Amazon"}, {"id": "1762280456605", "date": "3 week ago", "name": "Rana Usman", "text": "This is the testing testimonials", "avatar": "RU", "rating": 5, "company": "Google"}], "showCompanyInfo": true, "showReviewButton": true}}, {"id": "comp_1762281157501_mkufxysq0", "type": "CompanyDescriptionSection", "props": {"id": "comp_1762281157501_cyrmczm4x", "cards": [{"id": "1", "icon": "FiAward", "title": "Leading Elevator Company in UAE", "fullWidth": false, "description": "Easy Move Elevator is one of the top companies in UAE, providing elevator services, including Manufacture, supply, installation, modernization, and maintenance services across all Emirates. We are the most trusted elevator company in UAE because of our work's quality and reliability. We offer you the best quality products at affordable prices."}, {"id": "2", "icon": "FiTool", "title": "Our Services & Expertise", "fullWidth": false, "description": "Easy Move Elevator Company offers different types of elevators, including residential, commercial, home, and customized elevators. We are dedicated to providing solutions to all your elevator needs with a focus on safety and reliability. Our expertise has enabled us to become one of the most trusted names in the industry."}, {"id": "3", "icon": "FiSettings", "title": "Customization & Professional Solutions", "features": ["Unique designs according to your requirement", "Custom configurations for each elevator type", "Wide range of control systems", "Safety is our top priority with modern features"], "fullWidth": false, "description": "We can customize your elevator according to your needs and budget. Our skilled technicians and experienced engineers are experts in their field and provide the best service to our valued clients. Our professional team has worked in this field for more than ten years."}, {"id": "4", "icon": "FiTarget", "title": "Our Objective & Elevator Types", "fullWidth": false, "description": "Our objective is to provide the best services to our clients in their comfort zone with hassle-free installation and maintenance solutions at a reasonable price range. Easy Move Elevator Company provides different elevators, including Home Lift, panoramic lift, Hospital Lift, Cargo Lift, Passenger Lift, Dumbwaiter lift, etc."}, {"id": "5", "icon": "FiHome", "title": "UAE Market & Building Requirements", "fullWidth": false, "description": "UAE is full of high-rise buildings and skyscrapers. While we admire the architectural magnificence of these skyscrapers, we often overlook elevators' unrivaled contribution to their majestic height and stature. Elevators are essential in any building, especially in a rapidly developing country like the UAE."}, {"id": "6", "icon": "FiEye", "title": "Aesthetic Design & Functionality", "fullWidth": false, "description": "There are numerous elevator companies in UAE that provide lift fabrication and installation. However, very little consideration is placed on the artistic appearance of the elevators. We at Easy Move Elevator Company put a lot of effort and thought into customizing lifts according to your building's interior design."}, {"id": "7", "icon": "FiStar", "title": "Why Choose Easy Move Elevator", "fullWidth": true, "description": "<p>We have a huge clientele base, which includes residential societies and commercial buildings. Easy Move is one of the UAE's leading service providers for elevators. We guarantee customer satisfaction with every job we do for you. Our company is well-known for its quality and service. Call us today to get the most reliable elevator service! Hello this is updated</p>"}], "title": "About Easy Move Elevator Company", "layout": "grid", "columns": 2, "showIcons": true}}, {"id": "comp_1762410355765_1puxgb3pt", "type": "FAQSection", "props": {"id": "comp_1762410355765_ztkzmy30g", "faqs": [{"id": "1", "answer": "Typically, installation takes 2-3 days depending on the complexity and type of elevator.", "question": "How long does the installation process take?"}, {"id": "2", "answer": "Yes, we offer comprehensive maintenance packages to ensure your elevator operates smoothly.", "question": "Do you provide maintenance services?"}], "title": "Frequently Asked Questions", "layout": "left", "features": [{"id": "1", "icon": "FiAward", "text": "15+ Years of Experience in Elevator Industry"}, {"id": "2", "icon": "FiCheck", "text": "Certified and Licensed Technicians"}, {"id": "3", "icon": "FiClock", "text": "24/7 Emergency Support Service"}], "whyChooseUsTitle": "Why Choose Us?"}}]}	en
\.


--
-- Data for Name: permission; Type: TABLE DATA; Schema: public; Owner: postgres
--

COPY public.permission (id, name, created_at, updated_at) FROM stdin;
1	Add Category	2025-08-15 07:49:48.132235	2025-08-15 07:49:48.132235
2	Edit Category	2025-08-15 07:49:59.392383	2025-08-15 07:49:59.392383
3	View Category	2025-08-15 07:50:09.457734	2025-08-15 07:50:09.457734
4	Delete Category	2025-08-15 07:50:16.799673	2025-08-15 07:50:16.799673
5	Add Post	2025-08-15 07:50:26.861603	2025-08-15 07:50:26.861603
6	Edit Post	2025-08-15 07:50:32.121139	2025-08-15 07:50:32.121139
7	View Post	2025-08-15 07:50:40.533791	2025-08-15 07:50:40.533791
8	Delete Post	2025-08-15 07:50:49.971989	2025-08-15 07:50:49.971989
9	Add Menu	2025-08-15 07:51:37.218848	2025-08-15 07:51:37.218848
10	Edit Menu	2025-08-15 07:51:44.832214	2025-08-15 07:51:44.832214
11	View Menu	2025-08-15 07:51:58.567718	2025-08-15 07:51:58.567718
12	Delete Menu	2025-08-15 07:52:05.327695	2025-08-15 07:52:05.327695
13	Add Page	2025-08-15 07:52:14.083114	2025-08-15 07:52:14.083114
14	Edit Page	2025-08-15 07:52:20.669554	2025-08-15 07:52:20.669554
15	View Page	2025-08-15 07:52:27.205519	2025-08-15 07:52:27.205519
16	Delete Page	2025-08-15 07:52:34.793765	2025-08-15 07:52:34.793765
\.


--
-- Data for Name: post_translations; Type: TABLE DATA; Schema: public; Owner: postgres
--

COPY public.post_translations (id, post_id, post_title, post_slug, post_content, post_featured_image_alt_text, post_meta_title, post_meta_description, post_schemas, language) FROM stdin;
9fb24476-9c2f-45c5-a095-66525713440a	f3397ce7-1cdb-43e5-9599-2688f33d0f01	Testing Post	testing-post	<p>Testing PostTesting PostTesting PostTesting PostTesting PostTesting PostTesting PostTesting PostTesting PostTesting PostTesting PostTesting PostTesting PostTesting PostTesting PostTesting Post</p>	Testing PostTesting PostTesting Post	Testing PostTesting PostTesting Post	Testing PostTesting PostTesting PostTesting Post	[]	en
b3ab2b13-0a1e-4dad-b108-36478158c26e	f3397ce7-1cdb-43e5-9599-2688f33d0f01	dsbg bsdfbsbstrbwr wtbwtbwt b	dsbg-bsdfbsbstrbwr-wtbwtbwt-b-updated	<p>Testing PostTesting PostTesting PostTesting PostTesting PostTesting PostTesting PostTesting PostTesting PostTesting PostTesting PostTesting Post</p>	 hrtbtrwr tvwbrw btr wrbwtvewrgtetyhtyjtutyhrthrt	r threyjhy5hreyjhreyhrthgwetrhtt rwhwhrtrwhtrwht	 wtehrwhwrjtwrhthwgergerw hrt h rhtrht wrhtrth whrt r hwrhtry hfgbfgb gfbrg ber re rthrthrebrrh	[]	ar
ba557607-8f4f-46a7-b378-d9ba41fc48bc	0644a0c2-d2fb-4944-8a78-6857c95a562e	Second Post	second-post	<p>Second PostSecond PostSecond PostSecond PostSecond PostSecond PostSecond PostSecond PostSecond PostSecond PostSecond PostSecond PostSecond PostSecond PostSecond PostSecond PostSecond PostSecond PostSecond PostSecond PostSecond PostSecond Post</p>	Second Post	Second Post Second Post Second Post	Second Post Second Post Second Post Second Post Second Post 	[]	en
31fe9454-ddae-4cd9-ae95-a2926223d734	0644a0c2-d2fb-4944-8a78-6857c95a562e	sadfvdfs sdf dh rth ytjyumymynntrhntccccccc-	sadfvdfs-sdf-dh-rth-ytjyumymynntrhnt-updated	<p>Second PostSecond PostSecond PostSecond PostSecond PostSecond PostSecond PostSecond PostSecond PostSecond PostSecond PostSecond PostSecond PostSecond PostSecond PostSecond PostSecond PostSecond PostSecond PostSecond PostSecond PostSecond PostSecond PostSecond PostSecond PostSecond PostSecond PostSecond PostSecond PostSecond PostSecond PostSecond PostSecond PostSecond PostSecond PostSecond PostSecond PostSecond PostSecond PostSecond PostSecond PostSecond PostSecond PostSecond PostSecond PostSecond PostSecond PostSecond PostSecond PostSecond PostSecond PostSecond PostSecond Post</p>	 reynerbtyetynh tyhtntr ntyn ty nty	fgn ndn d gdntyn tyn brb svreybtyb	 enen erre  ren e teyn ene e en ern gw wbf fwevg  nt nt t rtm myrym tm,t,	[]	ar
5143b9f7-20dc-4e22-9b62-fd1282329281	513d733b-c37f-47b3-b2fd-3b746ce6a123	Testing Post title 10	testing-post-title-10	<p>Testing Post title 10 Testing Post title 10 Testing Post title 10 Testing Post title 10 Testing Post title 10 Testing Post title 10 Testing Post title 10 Testing Post title 10 Testing Post title 10 Testing Post title 10 Testing Post title 10 Testing Post title 10 Testing Post title 10 Testing Post title 10Testing Post title 10</p>	Testing Post title 10	Testing Post title 10 Testing Post title 10	Testing Post title 10 Testing Post title 10 Testing Post title 10	[]	en
670d2af5-f695-46c1-a733-eace675bae36	5e70f9fb-26d6-4101-b4a4-4420467ad290	The Importance of Education in Building Societies	the-importance-of-education-in-building-societies	<p>The Importance of Education in Building Societies The Importance of Education in Building SocietiesThe Importance of Education in Building Societies The Importance of Education in Building SocietiesThe Importance of Education in Building Societies The Importance of Education in Building SocietiesThe Importance of Education in Building Societies The Importance of Education in Building Societies</p>	The Importance of Education in Building Societies	The Importance of Education in Building Societies	The Importance of Education in Building Societies The Importance of Education in Building Societies	[]	en
2e5a931b-108d-4f1e-b703-5b7786f8b607	5e70f9fb-26d6-4101-b4a4-4420467ad290	╪ú┘ç┘à┘è╪⌐ ╪º┘ä╪¬╪╣┘ä┘è┘à ┘ü┘è ╪¿┘å╪º╪í ╪º┘ä┘à╪¼╪¬┘à╪╣╪º╪¬	╪ú┘ç┘à┘è╪⌐-╪º┘ä╪¬╪╣┘ä┘è┘à-┘ü┘è-╪¿┘å╪º╪í-╪º┘ä┘à╪¼╪¬┘à╪╣╪º╪¬	<p>╪ú┘ç┘à┘è╪⌐ ╪º┘ä╪¬╪╣┘ä┘è┘à ┘ü┘è ╪¿┘å╪º╪í ╪º┘ä┘à╪¼╪¬┘à╪╣╪º╪¬ ╪ú┘ç┘à┘è╪⌐ ╪º┘ä╪¬╪╣┘ä┘è┘à ┘ü┘è ╪¿┘å╪º╪í ╪º┘ä┘à╪¼╪¬┘à╪╣╪º╪¬╪ú┘ç┘à┘è╪⌐ ╪º┘ä╪¬╪╣┘ä┘è┘à ┘ü┘è ╪¿┘å╪º╪í ╪º┘ä┘à╪¼╪¬┘à╪╣╪º╪¬ ╪ú┘ç┘à┘è╪⌐ ╪º┘ä╪¬╪╣┘ä┘è┘à ┘ü┘è ╪¿┘å╪º╪í ╪º┘ä┘à╪¼╪¬┘à╪╣╪º╪¬╪ú┘ç┘à┘è╪⌐ ╪º┘ä╪¬╪╣┘ä┘è┘à ┘ü┘è ╪¿┘å╪º╪í ╪º┘ä┘à╪¼╪¬┘à╪╣╪º╪¬ ╪ú┘ç┘à┘è╪⌐ ╪º┘ä╪¬╪╣┘ä┘è┘à ┘ü┘è ╪¿┘å╪º╪í ╪º┘ä┘à╪¼╪¬┘à╪╣╪º╪¬╪ú┘ç┘à┘è╪⌐ ╪º┘ä╪¬╪╣┘ä┘è┘à ┘ü┘è ╪¿┘å╪º╪í ╪º┘ä┘à╪¼╪¬┘à╪╣╪º╪¬ ╪ú┘ç┘à┘è╪⌐ ╪º┘ä╪¬╪╣┘ä┘è┘à ┘ü┘è ╪¿┘å╪º╪í ╪º┘ä┘à╪¼╪¬┘à╪╣╪º╪¬╪ú┘ç┘à┘è╪⌐ ╪º┘ä╪¬╪╣┘ä┘è┘à ┘ü┘è ╪¿┘å╪º╪í ╪º┘ä┘à╪¼╪¬┘à╪╣╪º╪¬ ╪ú┘ç┘à┘è╪⌐ ╪º┘ä╪¬╪╣┘ä┘è┘à ┘ü┘è ╪¿┘å╪º╪í ╪º┘ä┘à╪¼╪¬┘à╪╣╪º╪¬╪ú┘ç┘à┘è╪⌐ ╪º┘ä╪¬╪╣┘ä┘è┘à ┘ü┘è ╪¿┘å╪º╪í ╪º┘ä┘à╪¼╪¬┘à╪╣╪º╪¬ ╪ú┘ç┘à┘è╪⌐ ╪º┘ä╪¬╪╣┘ä┘è┘à ┘ü┘è ╪¿┘å╪º╪í ╪º┘ä┘à╪¼╪¬┘à╪╣╪º╪¬╪ú┘ç┘à┘è╪⌐ ╪º┘ä╪¬╪╣┘ä┘è┘à ┘ü┘è ╪¿┘å╪º╪í ╪º┘ä┘à╪¼╪¬┘à╪╣╪º╪¬ ╪ú┘ç┘à┘è╪⌐ ╪º┘ä╪¬╪╣┘ä┘è┘à ┘ü┘è ╪¿┘å╪º╪í ╪º┘ä┘à╪¼╪¬┘à╪╣╪º╪¬</p>	╪ú┘ç┘à┘è╪⌐ ╪º┘ä╪¬╪╣┘ä┘è┘à ┘ü┘è ╪¿┘å╪º╪í ╪º┘ä┘à╪¼╪¬┘à╪╣╪º╪¬	╪ú┘ç┘à┘è╪⌐ ╪º┘ä╪¬╪╣┘ä┘è┘à ┘ü┘è ╪¿┘å╪º╪í ╪º┘ä┘à╪¼╪¬┘à╪╣╪º╪¬	╪ú┘ç┘à┘è╪⌐ ╪º┘ä╪¬╪╣┘ä┘è┘à ┘ü┘è ╪¿┘å╪º╪í ╪º┘ä┘à╪¼╪¬┘à╪╣╪º╪¬ ╪ú┘ç┘à┘è╪⌐ ╪º┘ä╪¬╪╣┘ä┘è┘à ┘ü┘è ╪¿┘å╪º╪í ╪º┘ä┘à╪¼╪¬┘à╪╣╪º╪¬	[]	ar
4a46b7ac-dce1-4c75-843d-b01d74fb61ce	513d733b-c37f-47b3-b2fd-3b746ce6a123	╪╣┘å┘ê╪º┘å ╪º╪«╪¬╪¿╪º╪▒ ╪º┘ä┘à┘å╪┤┘ê╪▒ 10	╪╣┘å┘ê╪º┘å-╪º╪«╪¬╪¿╪º╪▒-╪º┘ä┘à┘å╪┤┘ê╪▒-10	<pre><code>╪╣┘å┘ê╪º┘å ╪º╪«╪¬╪¿╪º╪▒ ╪º┘ä┘à┘å╪┤┘ê╪▒ 10 ╪╣┘å┘ê╪º┘å ╪º╪«╪¬╪¿╪º╪▒ ╪º┘ä┘à┘å╪┤┘ê╪▒ 10 ╪╣┘å┘ê╪º┘å ╪º╪«╪¬╪¿╪º╪▒ ╪º┘ä┘à┘å╪┤┘ê╪▒ 10 ╪╣┘å┘ê╪º┘å ╪º╪«╪¬╪¿╪º╪▒ ╪º┘ä┘à┘å╪┤┘ê╪▒ 10 ╪╣┘å┘ê╪º┘å ╪º╪«╪¬╪¿╪º╪▒ ╪º┘ä┘à┘å╪┤┘ê╪▒ 10 ╪╣┘å┘ê╪º┘å ╪º╪«╪¬╪¿╪º╪▒ ╪º┘ä┘à┘å╪┤┘ê╪▒ 10 ╪╣┘å┘ê╪º┘å ╪º╪«╪¬╪¿╪º╪▒ ╪º┘ä┘à┘å╪┤┘ê╪▒ 10 ╪╣┘å┘ê╪º┘å ╪º╪«╪¬╪¿╪º╪▒ ╪º┘ä┘à┘å╪┤┘ê╪▒ 10 ╪╣┘å┘ê╪º┘å ╪º╪«╪¬╪¿╪º╪▒ ╪º┘ä┘à┘å╪┤┘ê╪▒ 10 ╪╣┘å┘ê╪º┘å ╪º╪«╪¬╪¿╪º╪▒ ╪º┘ä┘à┘å╪┤┘ê╪▒ 10 ╪╣┘å┘ê╪º┘å ╪º╪«╪¬╪¿╪º╪▒ ╪º┘ä┘à┘å╪┤┘ê╪▒ 10 ╪╣┘å┘ê╪º┘å ╪º╪«╪¬╪¿╪º╪▒ ╪º┘ä┘à┘å╪┤┘ê╪▒ 10 ╪╣┘å┘ê╪º┘å ╪º╪«╪¬╪¿╪º╪▒ ╪º┘ä┘à┘å╪┤┘ê╪▒ 10</code></pre><p></p>	╪╣┘å┘ê╪º┘å ╪º╪«╪¬╪¿╪º╪▒ ╪º┘ä┘à┘å╪┤┘ê╪▒ 10	╪╣┘å┘ê╪º┘å ╪º╪«╪¬╪¿╪º╪▒ ╪º┘ä┘à┘å╪┤┘ê╪▒ 10 ╪╣┘å┘ê╪º┘å ╪º╪«╪¬╪¿╪º╪▒ ╪º┘ä┘à┘å╪┤┘ê╪▒ 10	╪╣┘å┘ê╪º┘å ╪º╪«╪¬╪¿╪º╪▒ ╪º┘ä┘à┘å╪┤┘ê╪▒ 10 ╪╣┘å┘ê╪º┘å ╪º╪«╪¬╪¿╪º╪▒ ╪º┘ä┘à┘å╪┤┘ê╪▒ 10 ╪╣┘å┘ê╪º┘å ╪º╪«╪¬╪¿╪º╪▒ ╪º┘ä┘à┘å╪┤┘ê╪▒ 10 ╪╣┘å┘ê╪º┘å ╪º╪«╪¬╪¿╪º╪▒ ╪º┘ä┘à┘å╪┤┘ê╪▒ 10	[]	ar
\.


--
-- Data for Name: posts; Type: TABLE DATA; Schema: public; Owner: postgres
--

COPY public.posts (id, post_category, post_featured_image, is_indexable, is_active, post_create_date, post_update_date, author_id) FROM stdin;
f3397ce7-1cdb-43e5-9599-2688f33d0f01	a0a6b816-e22d-48f3-8776-84d9dd41282e	post_images/yjktufxtd6wwknxrs7ar	t	t	2025-11-01 09:52:20.892895	2025-11-01 09:52:20.892895	\N
0644a0c2-d2fb-4944-8a78-6857c95a562e	63c6d69b-8008-4095-ac63-bc9377c59f48	post_images/adtyi2naw5w5utz3hihf	t	t	2025-11-01 09:26:09.101354	2025-11-01 09:26:09.101354	\N
513d733b-c37f-47b3-b2fd-3b746ce6a123	a0a6b816-e22d-48f3-8776-84d9dd41282e	post_images/qb4ksakebtcbmhzyxn6x	t	t	2025-11-16 19:28:35.224398	2025-11-16 19:28:35.224398	13bb9d3c-4c50-4357-9a57-7d56b176e054
5e70f9fb-26d6-4101-b4a4-4420467ad290	a0a6b816-e22d-48f3-8776-84d9dd41282e	post_images/fzzdshs8kqhahxxn9bim	t	t	2025-11-09 07:39:35.606152	2025-11-09 07:39:35.606152	13bb9d3c-4c50-4357-9a57-7d56b176e054
\.


--
-- Data for Name: products; Type: TABLE DATA; Schema: public; Owner: postgres
--

COPY public.products (id, product_featured_image, is_indexable, is_active, product_create_date, product_update_date, category_id) FROM stdin;
46fa0173-02da-4c41-a98c-016897efc2bc	elevator_product_images/aocwh172deakp4hjg8mx	t	t	2025-10-31 23:44:56.70095	2025-10-31 23:44:56.70095	63c6d69b-8008-4095-ac63-bc9377c59f48
d6e5f6c0-3ba5-467d-b55f-8fce9d8dda45	elevator_product_images/jw2fyx76d5zaj1daup24	t	t	2025-10-28 23:31:32.896948	2025-10-28 23:31:32.896948	63c6d69b-8008-4095-ac63-bc9377c59f48
d844936f-66ad-4e9b-a4d2-36a20deb4f54	elevator_product_images/hajnaod3hsmnzmuh2nqk	t	t	2025-10-31 23:36:25.218372	2025-10-31 23:36:25.218372	a0a6b816-e22d-48f3-8776-84d9dd41282e
48f073a6-1f1d-4667-83a1-c694b609dde5	elevator_product_images/nge6xmbgribisyb6jbvd	t	t	2025-10-28 23:49:03.87418	2025-10-28 23:49:03.87418	63c6d69b-8008-4095-ac63-bc9377c59f48
4363f866-0593-4e05-a358-288f1ddfcd9c	elevator_product_images/sn8pv4vysoyfylyzgdtn	t	t	2025-11-16 00:38:12.197412	2025-11-16 00:38:12.197412	63c6d69b-8008-4095-ac63-bc9377c59f48
\.


--
-- Data for Name: products_related_images; Type: TABLE DATA; Schema: public; Owner: postgres
--

COPY public.products_related_images (id, product_id, product_image, product_image_alt_text, language) FROM stdin;
\.


--
-- Data for Name: products_translations; Type: TABLE DATA; Schema: public; Owner: postgres
--

COPY public.products_translations (id, product_id, product_title, product_slug, product_content, product_featured_image_alt_text, product_meta_title, product_meta_description, builder_data, language, benefits, product_schemas) FROM stdin;
d88c438d-aa41-4f1f-837b-b8cd290f6838	46fa0173-02da-4c41-a98c-016897efc2bc	Testing Title 6 Updated	testing-title-6-updated		Testing Title 6	Testing Title 6Testing Title 6Testing Title 6Testing Title 6	Testing Title 6Testing Title 6Testing Title 6Testing Title 6Testing Title 6Testing Title 6Testing Title 6Testing Title 6	{"components": [{"id": "comp_1762158308500_fhngaw86g", "type": "ProductHeader", "props": {"id": "comp_1762158308500_7bxe8spvd", "mediaItems": [{"alt": "Product image", "src": "/images/product-one.webp", "type": "image", "thumbnail": "/images/product-one.webp"}], "ratingText": "15+ Years Experience", "showRating": true, "productName": "Product Name updated", "primaryButton": {"icon": "FiPhone", "text": "Get Quote"}, "ratingSubtext": "Your trusted elevator company just one call away.", "longDescription": "Detailed product description goes here. This should provide comprehensive information about the product features and benefits.", "secondaryButton": {"icon": "FiMail", "text": "Inquiry"}}}, {"id": "comp_1762158671497_iepckgx97", "type": "Specifications", "props": {"id": "comp_1762158671497_2wkhefrul", "title": "Technical Specifications", "specifications": {"Cab Size": "30\\" to 52\\" diameter", "Travel Speed": "15-30 ft/min", "Floors Served": "2-6 floors", "Load Capacity": "350-450 lbs", "Power Required": "220V single phase", "Installation Time": "2-3 days"}, "technicalSketchTitle": "Technical Sketch", "technicalSketchDescription": "Detailed CAD drawings available upon request"}}, {"id": "comp_1762158690673_x05nns7es", "type": "ProductInfoSection", "props": {"id": "comp_1762158690673_7iaf1r0y8", "title": "Modern Vacuum Home Elevators in Dubai", "sections": [{"items": [{"title": "Transparent Tube", "description": "The elevator tube is a vertical cylinder made of transparent polycarbonate."}], "title": "What is a vacuum elevator?", "content": "A vacuum elevator utilizes air pressure and suction technology to lift the car vertically. There are no cables, pulleys, or counterweights involved."}], "subtitle": "Perfect for Villas & Stylish Interiors", "description": "Dubai is a city built on innovation, luxury, and smarter ways of living..."}}, {"id": "comp_1762158697962_3fdihwdsh", "type": "ProductBenefitsSection", "props": {"id": "comp_1762158697962_17bvysjd4", "title": "Why Vacuum Elevators Are Popular in Dubai", "benefits": [{"title": "Less Space Design", "number": "1", "features": ["Space efficient design", "Easy installation"], "description": "Vacuum elevators are self-contained units that don't need a shaft, pit, or machine room..."}], "description": "Dubai is famous for its sleek architecture, luxury living, and space-conscious design..."}}]}	en	["Hello updated", "hello2"]	["{\\n  \\"@context\\": \\"https://schema.org\\",\\n  \\"@type\\": \\"FAQPage\\",\\n  \\"mainEntity\\": {\\n    \\"@type\\": \\"Question\\",\\n    \\"name\\": \\"\\",\\n    \\"acceptedAnswer\\": {\\n      \\"@type\\": \\"Answer\\",\\n      \\"text\\": \\"\\"\\n    }\\n  }\\n}\\n"]
276f4831-a1e4-4b76-b6c6-95989cbc2344	4363f866-0593-4e05-a358-288f1ddfcd9c	╪º╪«╪¬╪¿╪º╪▒ ╪º┘ä┘à┘å╪¬╪¼ 10	╪º╪«╪¬╪¿╪º╪▒-╪º┘ä┘à┘å╪¬╪¼-10	<pre><code>╪º╪«╪¬╪¿╪º╪▒ ╪º┘ä┘à┘å╪¬╪¼ 10╪º╪«╪¬╪¿╪º╪▒ ╪º┘ä┘à┘å╪¬╪¼ 10╪º╪«╪¬╪¿╪º╪▒ ╪º┘ä┘à┘å╪¬╪¼ 10╪º╪«╪¬╪¿╪º╪▒ ╪º┘ä┘à┘å╪¬╪¼ 10╪º╪«╪¬╪¿╪º╪▒ ╪º┘ä┘à┘å╪¬╪¼ 10╪º╪«╪¬╪¿╪º╪▒ ╪º┘ä┘à┘å╪¬╪¼ 10╪º╪«╪¬╪¿╪º╪▒ ╪º┘ä┘à┘å╪¬╪¼ 10╪º╪«╪¬╪¿╪º╪▒ ╪º┘ä┘à┘å╪¬╪¼ 10╪º╪«╪¬╪¿╪º╪▒ ╪º┘ä┘à┘å╪¬╪¼ 10╪º╪«╪¬╪¿╪º╪▒ ╪º┘ä┘à┘å╪¬╪¼ 10╪º╪«╪¬╪¿╪º╪▒ ╪º┘ä┘à┘å╪¬╪¼ 10╪º╪«╪¬╪¿╪º╪▒ ╪º┘ä┘à┘å╪¬╪¼ 10╪º╪«╪¬╪¿╪º╪▒ ╪º┘ä┘à┘å╪¬╪¼ 10╪º╪«╪¬╪¿╪º╪▒ ╪º┘ä┘à┘å╪¬╪¼ 10╪º╪«╪¬╪¿╪º╪▒ ╪º┘ä┘à┘å╪¬╪¼ 10╪º╪«╪¬╪¿╪º╪▒ ╪º┘ä┘à┘å╪¬╪¼ 10╪º╪«╪¬╪¿╪º╪▒ ╪º┘ä┘à┘å╪¬╪¼ 10╪º╪«╪¬╪¿╪º╪▒ ╪º┘ä┘à┘å╪¬╪¼ 10╪º╪«╪¬╪¿╪º╪▒ ╪º┘ä┘à┘å╪¬╪¼ 10╪º╪«╪¬╪¿╪º╪▒ ╪º┘ä┘à┘å╪¬╪¼ 10</code></pre><p></p>	╪º╪«╪¬╪¿╪º╪▒ ╪º┘ä┘à┘å╪¬╪¼ 10	╪º╪«╪¬╪¿╪º╪▒ ╪º┘ä┘à┘å╪¬╪¼ 10╪º╪«╪¬╪¿╪º╪▒ ╪º┘ä┘à┘å╪¬╪¼ 10╪º╪«╪¬╪¿╪º╪▒ ╪º┘ä┘à┘å╪¬╪¼ 10╪º╪«╪¬╪¿╪º╪▒ ╪º┘ä┘à┘å╪¬╪¼ 10	╪º╪«╪¬╪¿╪º╪▒ ╪º┘ä┘à┘å╪¬╪¼ 10╪º╪«╪¬╪¿╪º╪▒ ╪º┘ä┘à┘å╪¬╪¼ 10╪º╪«╪¬╪¿╪º╪▒ ╪º┘ä┘à┘å╪¬╪¼ 10╪º╪«╪¬╪¿╪º╪▒ ╪º┘ä┘à┘å╪¬╪¼ 10╪º╪«╪¬╪¿╪º╪▒ ╪º┘ä┘à┘å╪¬╪¼ 10╪º╪«╪¬╪¿╪º╪▒ ╪º┘ä┘à┘å╪¬╪¼ 10╪º╪«╪¬╪¿╪º╪▒ ╪º┘ä┘à┘å╪¬╪¼ 10╪º╪«╪¬╪¿╪º╪▒ ╪º┘ä┘à┘å╪¬╪¼ 10╪º╪«╪¬╪¿╪º╪▒ ╪º┘ä┘à┘å╪¬╪¼ 10	\N	ar	[]	[]
2ff9700d-88fa-4880-8241-df455ef61387	d6e5f6c0-3ba5-467d-b55f-8fce9d8dda45	Testing Product 2	testing-product-2	<p>This is the testing Product 2 content. vdsg dsg dshg sdth grfdb dsf bsdf bsr hrtbfdj tydfjshfdh ehdjnfhm jghjdf jhrtdk jtyxk j fjghn dfjrykj tgnhmgkdtkm gh</p><p>This is the testing Product 2 content. vdsg dsg dshg sdth grfdb dsf bsdf bsr hrtbfdj tydfjshfdh ehdjnfhm jghjdf jhrtdk jtyxk j fjghn dfjrykj tgnhmgkdtkm gh</p>	Testing Product 2	Meta title of Testing Product 2	Meta Description of Testing Product 2 Meta Description of Testing Product 2	\N	en	[]	[]
c4255368-4aa9-416a-a299-250a8c002367	48f073a6-1f1d-4667-83a1-c694b609dde5	Testing Product 3 Updated	testing-product-3-updated	<p>Testing Product 3Testing Product 3Testing Product 3Testing Product 3Testing Product 3Testing Product 3Testing Product 3Testing Product 3Testing Product 3Testing Product 3Testing Product 3Testing Product 3Testing Product 3Testing Product 3Testing Product 3Testing Product 3Testing Product 3</p><p>Testing Product 3Testing Product 3Testing Product 3Testing Product 3Testing Product 3Testing Product 3Testing Product 3Testing Product 3Testing Product 3Testing Product 3Testing Product 3Testing Product 3Testing Product 3Testing Product 3Testing Product 3Testing Product 3Testing Product 3</p>	Testing Product 3	Testing Product 3Testing Product 3Testing Product 3	Testing Product 3Testing Product 3Testing Product 3Testing Product 3Testing Product 3Testing Product 3	\N	en	[]	[]
9eb4ea77-280e-4746-9274-3b40f1aae012	d6e5f6c0-3ba5-467d-b55f-8fce9d8dda45	kvfdndf df	kvfdndf-df	<p>This is the testing Product 2 content. vdsg dsg dshg sdth grfdb dsf bsdf bsr hrtbfdj tydfjshfdh ehdjnfhm jghjdf jhrtdk jtyxk j fjghn dfjrykj tgnhmgkdtkm gh </p><p>This is the testing Product 2 content. vdsg dsg dshg sdth grfdb dsf bsdf bsr hrtbfdj tydfjshfdh ehdjnfhm jghjdf jhrtdk jtyxk j fjghn dfjrykj tgnhmgkdtkm gh</p>	fdfdvjkdf 	jk dfkdfj kdfjk kjfd kjfd	Meta Description of Testing Product 2Meta Description of Testing Product 2	\N	ar	[]	[]
b8fc436c-9a2d-4391-848d-82669e2f9e08	d844936f-66ad-4e9b-a4d2-36a20deb4f54	gds bf fhfgbsfsrt b	gds-bf-fhfgbsfsrt-b		bf bfg rt rtgbn dryj	 ndfgbeytnrtnthndtrn dy tntrntrdnr ht	td yhtyntbntyn tyn tdynretdn rtnbtujutketyjrtdhbsf dgdf bdghndfn sfbsfhf hrth dgdsf ghwhrth	\N	ar	[]	["{\\n  \\"@context\\": \\"https://schema.org\\",\\n  \\"@type\\": \\"FAQPage\\",\\n  \\"mainEntity\\": {\\n    \\"@type\\": \\"Question\\",\\n    \\"name\\": \\"\\",\\n    \\"acceptedAnswer\\": {\\n      \\"@type\\": \\"Answer\\",\\n      \\"text\\": \\"\\"\\n    }\\n  }\\n}"]
27205ab3-5620-4e2e-9d53-deba1ab17945	4363f866-0593-4e05-a358-288f1ddfcd9c	Testing Product 10	testing-product-10	<p>Testing Product 10Testing Product 10Testing Product 10Testing Product 10Testing Product 10Testing Product 10Testing Product 10Testing Product 10Testing Product 10Testing Product 10Testing Product 10Testing Product 10Testing Product 10Testing Product 10Testing Product 10Testing Product 10Testing Product 10Testing Product 10Testing Product 10Testing Product 10Testing Product 10Testing Product 10Testing Product 10Testing Product 10Testing Product 10Testing Product 10</p>	Testing Product 10	Testing Product 10 Testing Product 10	Testing Product 10Testing Product 10Testing Product 10Testing Product 10Testing Product 10Testing Product 10	\N	en	[]	[]
04776396-8d40-4c88-b1b8-093d14882496	46fa0173-02da-4c41-a98c-016897efc2bc	rs tg srhbsrtj rtshrth rth	rs-tg-srhbsrtj-rtshrth-rth		r thbjukolmtdn sbshgsrt strh rsth	 trhrts vzx vsrd gserhwer rh7jgnghn dfhsrf hrth rthrthrthfgb gfh	 dhdhrtjrehrtshbsfdbsdh rthjytj jyu rjtyj etyjyerueyuwrhy rthwrh wrehgrthrt yywrtyrtyrty	\N	ar	[]	[]
3c95d8ec-97cd-4338-924d-e679bc738b73	d844936f-66ad-4e9b-a4d2-36a20deb4f54	Testing Title 5 updated	testing-title-5-updated		Testing Title 5	Meta Title Testing Title 5	Meta description Testing Title 5 Testing Title 5 Testing Title 5 Testing Title 5	\N	en	[]	["{\\n  \\"@context\\": \\"https://schema.org\\",\\n  \\"@type\\": \\"Article\\",\\n  \\"headline\\": \\"\\",\\n  \\"image\\": \\"\\",  \\n  \\"author\\": {\\n    \\"@type\\": \\"\\",\\n    \\"name\\": \\"\\"\\n  },  \\n  \\"publisher\\": {\\n    \\"@type\\": \\"Organization\\",\\n    \\"name\\": \\"\\",\\n    \\"logo\\": {\\n      \\"@type\\": \\"ImageObject\\",\\n      \\"url\\": \\"\\"\\n    }\\n  },\\n  \\"datePublished\\": \\"\\"\\n}", "{\\n  \\"@context\\": \\"https://schema.org\\",\\n  \\"@type\\": \\"FAQPage\\",\\n  \\"mainEntity\\": {\\n    \\"@type\\": \\"Question\\",\\n    \\"name\\": \\"\\",\\n    \\"acceptedAnswer\\": {\\n      \\"@type\\": \\"Answer\\",\\n      \\"text\\": \\"\\"\\n    }\\n  }\\n}"]
0772b144-9e4a-48be-970e-9031cc3053b5	48f073a6-1f1d-4667-83a1-c694b609dde5	dsvdfss gfds hgfbb	dsvdfss-gfds-hgfbb	<p>Testing Product 3Testing Product 3Testing Product 3Testing Product 3Testing Product 3Testing Product 3Testing Product 3Testing Product 3Testing Product 3Testing Product 3Testing Product 3Testing Product 3Testing Product 3Testing Product 3</p><p>Testing Product 3Testing Product 3Testing Product 3Testing Product 3Testing Product 3Testing Product 3Testing Product 3Testing Product 3Testing Product 3Testing Product 3Testing Product 3Testing Product 3Testing Product 3Testing Product 3Testing Product 3Testing Product 3Testing Product 3</p>	gf hbgf hdrynrfdh fdgb gfndf gngf	fg hjfdjfjfthnfdbsgaer ryj dfjdygjtdy jtydj	 djtyn tyj tyj trhn tyj kyu thjdfgbsdf vesrag estryhergdsf grstdh srthsrth dxfb df hgsrhs	\N	ar	[]	[]
\.


--
-- Data for Name: projects; Type: TABLE DATA; Schema: public; Owner: postgres
--

COPY public.projects (id, category_id, project_featured_image, is_indexable, is_active, project_date, project_location, project_create_date, project_update_date) FROM stdin;
3a12d3a0-5583-483e-9991-4f6a73689c09	a0a6b816-e22d-48f3-8776-84d9dd41282e	elevator_project_images/a5hrfy4hazbyw5uowkhw	t	t	2025-09-09	Sharjeh	2025-11-01 04:43:35.272976	2025-11-01 04:43:35.272976
\.


--
-- Data for Name: projects_translations; Type: TABLE DATA; Schema: public; Owner: postgres
--

COPY public.projects_translations (id, project_id, project_title, project_slug, project_image_alt_text, project_content, benefits, project_schemas, project_meta_title, project_meta_description, builder_data, language) FROM stdin;
3af7e4ba-3094-4da4-8c15-79b871b3fd36	3a12d3a0-5583-483e-9991-4f6a73689c09	Testing Project 2	testing-project-2	Testing Project 2 	<p>Testing Project 2 Testing Project 2 Testing Project 2 Testing Project 2 Testing Project 2 Testing Project 2 Testing Project 2 Testing Project 2 Testing Project 2 Testing Project 2 Testing Project 2 Testing Project 2</p>	[]	[]	Testing Project 2 Testing Project 2 Testing Project 2	Testing Project 2 Testing Project 2 Testing Project 2 Testing Project 2 Testing Project 2	{"components": [{"id": "comp_1762073337396_r5dwwbmgs", "type": "HeroSection", "props": {"id": "comp_1762073337396_zx1hrn8dl", "title": "Welcome to Our Website", "subtitle": "This is a modern hero section with clear call-to-action", "textAlign": "center", "buttonLink": "#", "buttonText": "Get Started"}}]}	en
e2c13c10-d683-4052-a1e7-4f41401bdbfe	3a12d3a0-5583-483e-9991-4f6a73689c09	Testing Project 2 Testing Project 2 Testing Project 2 Testing Project 2 Testing Project 2 Testing Project 2 Testing Project 2 Testing Project 2 Testing Project 2 Testing Project 2 Testing Project 2 Testing Project 2	testing-project-2-testing-project-2-testing-project-2-testing-project-2-testing-project-2-testing-project-2-testing-project-2-testing-project-2-testing-project-2-testing-project-2-testing-project-2-testing-project-2	Testing Project 2 Testing Project 2 Testing Project 2 Testing Project 2 Testing Project 2 Testing Project 2 Testing Project 2 Testing Project 2 Testing Project 2 Testing Project 2 Testing Project 2 Testing Project 2	<p>Testing Project 2 Testing Project 2 Testing Project 2 Testing Project 2 Testing Project 2 Testing Project 2 Testing Project 2 Testing Project 2 Testing Project 2 Testing Project 2 Testing Project 2 Testing Project 2</p>	[]	["Testing Project 2 Testing Project 2 Testing Project 2 Testing Project 2 Testing Project 2 Testing Project 2 Testing Project 2 Testing Project 2 Testing Project 2 Testing Project 2 Testing Project 2 Testing Project 2"]	Testing Project 2 Testing Project 2 Testing Project 2 Testing Project 2 Testing Project 2 Testing Project 2 Testing Project 2 Testing Project 2 Testing Project 2 Testing Project 2 Testing Project 2 Testing Project 2	Testing Project 2 Testing Project 2 Testing Project 2 Testing Project 2 Testing Project 2 Testing Project 2 Testing Project 2 Testing Project 2 Testing Project 2 Testing Project 2 Testing Project 2 Testing Project 2	{"components": [{"id": "comp_1762073339749_6q4rzx70z", "type": "ServiceGrid", "props": {"id": "comp_1762073339749_ga2crzd2i", "title": "Our Services", "columns": 3, "services": [{"id": "1", "icon": "≡ƒÆ╗", "title": "Web Development", "description": "Custom web applications built with modern technologies"}, {"id": "2", "icon": "≡ƒÄ¿", "title": "UI/UX Design", "description": "Beautiful and intuitive user interface designs"}, {"id": "3", "icon": "≡ƒôê", "title": "Digital Marketing", "description": "Strategic marketing to grow your online presence"}], "subtitle": "We offer a wide range of services to meet your needs"}}]}	ar
\.


--
-- Data for Name: reviews; Type: TABLE DATA; Schema: public; Owner: postgres
--

COPY public.reviews (id, name, rating, review_content, is_active, created_at, updated_at) FROM stdin;
f3383214-05b4-4ff5-a71f-fe07dffad2c9	Rana Usman	4	<p>This is the first testing review updated</p>	t	2025-11-16 04:54:12.119-08	2025-11-16 04:56:10.064-08
\.


--
-- Data for Name: role_permission; Type: TABLE DATA; Schema: public; Owner: postgres
--

COPY public.role_permission (id, role_id, permission_id) FROM stdin;
\.


--
-- Data for Name: roles; Type: TABLE DATA; Schema: public; Owner: postgres
--

COPY public.roles (id, name, created_at, updated_at) FROM stdin;
1	Sub Admin	2025-08-15 07:53:27.986225	2025-08-15 07:53:27.986225
\.


--
-- Data for Name: services; Type: TABLE DATA; Schema: public; Owner: postgres
--

COPY public.services (id, service_featured_image, is_indexable, is_active, service_create_date, service_update_date) FROM stdin;
4c3e7b6c-b377-4379-9e1c-2d3d63633151	elevator_service_images/tt4vl6lf9cft6bqtykkc	t	t	2025-11-02 00:26:20.386472	2025-11-02 00:26:20.386472
\.


--
-- Data for Name: services_translations; Type: TABLE DATA; Schema: public; Owner: postgres
--

COPY public.services_translations (id, service_id, service_title, service_slug, service_content, service_featured_image_alt_text, service_meta_title, service_meta_description, services_schemas, builder_data, language) FROM stdin;
76d52bb5-404f-4b28-acb9-40ba974e1417	4c3e7b6c-b377-4379-9e1c-2d3d63633151	 fdjk fkj fg jdfk jdfjd fjdfj dfj jdf jdfjdfj dfj jdf jdfjkdf 	fdjk-fkj-fg-jdfk-jdfjd-fjdfj-dfj-jdf-jdfjdfj-dfj-jdf-jdfjkdf	<p>Testing ServiceTesting ServiceTesting ServiceTesting ServiceTesting ServiceTesting ServiceTesting ServiceTesting ServiceTesting ServiceTesting ServiceTesting ServiceTesting ServiceTesting ServiceTesting ServiceTesting ServiceTesting ServiceTesting ServiceTesting Service</p>	 fg jjgk fj ffjk jfd jkdsf vjkdfvj dfjkv jd kf g	 fgn kjg jfs lfksd jkjfs jf jk fgjkfgjkf	sdvcjd fvfhhdf hjfdhjflfsd jdf jfdjklfdl fj jlkfd jkfjk 	[]	\N	ar
decac9a9-f529-48a4-8ec0-6c6cf836cb44	4c3e7b6c-b377-4379-9e1c-2d3d63633151	Testing Service	testing-service	<p>Testing ServiceTesting ServiceTesting ServiceTesting ServiceTesting ServiceTesting ServiceTesting ServiceTesting ServiceTesting ServiceTesting Service</p>	Testing Service	First Service that i am testing	First service meta deacription for the first service.	["{\\n  \\"@context\\": \\"https://schema.org\\",\\n  \\"@type\\": \\"Article\\",\\n  \\"headline\\": \\"\\",\\n  \\"image\\": \\"\\",  \\n  \\"author\\": {\\n    \\"@type\\": \\"\\",\\n    \\"name\\": \\"\\"\\n  },  \\n  \\"publisher\\": {\\n    \\"@type\\": \\"Organization\\",\\n    \\"name\\": \\"\\",\\n    \\"logo\\": {\\n      \\"@type\\": \\"ImageObject\\",\\n      \\"url\\": \\"\\"\\n    }\\n  },\\n  \\"datePublished\\": \\"\\"\\n}", "{\\n  \\"@context\\": \\"https://schema.org/\\", \\n  \\"@type\\": \\"BreadcrumbList\\", \\n  \\"itemListElement\\": [{\\n    \\"@type\\": \\"ListItem\\", \\n    \\"position\\": 1, \\n    \\"name\\": \\"\\",\\n    \\"item\\": \\"\\"  \\n  },{\\n    \\"@type\\": \\"ListItem\\", \\n    \\"position\\": 2, \\n    \\"name\\": \\"\\",\\n    \\"item\\": \\"\\"  \\n  }]\\n}"]	{"components": [{"id": "comp_1762192635431_3l55it1ib", "type": "ServiceGallery", "props": {"id": "comp_1762192635431_h8wjthldz", "title": "Easy Move Elevator Installation", "layout": "left", "gallery": [], "description": "Elevators are the safest way to move passengers and goods across multiple floors of your building. And if you&rsquo;re looking for the best and most reliable elevator installation, then look no further than Easy Move Elevator Installation. We offer an affordable solution that&rsquo;s sure to keep everyone safe and satisfied using these elevators."}}, {"id": "comp_1762192639219_eeoerqpuz", "type": "ServiceContent", "props": {"id": "comp_1762192639219_umz37bkwx", "services": [{"id": "1", "title": "Consultancy Services", "content": "We will advise you according to your requirements survey and provide safe and dependable solutions as experts in managing people flows and goods transfer in your buildings. We can also offer advice on optimizing traffic flow through your buildings.<br><br>As experts in the elevator industry, we can provide advice on how to specify the best lift and escalator and models based on actual environmental and building requirements.<br><br>Depending on the complexity of the traffic analysis, we can deploy the installation of lifts and escalators for your building. We provide our valued customers with traffic analysis, adequate planning, energy analysis for the optimal performance of the selected escalator and lift services."}, {"id": "2", "title": "Installation Services", "content": "We&rsquo;re an elevation installation business in UAE that specialises in the installation of Home elevators. We&rsquo;ve been in the industry for over ten years, so you can be confident that we know what we&rsquo;re doing!<br><br>Our service is designed to help businesses and individuals estimate the cost of their elevator requirements by providing a detailed analysis of the material used and installation charges. We also recommend the best course of action according to our estimation.<br><br>We use the most up-to-date technology available in order to provide the most accurate cost estimates possible according to the current market situation. We have worked with many different clients for elevator installation over the years. We provide accurate estimates no matter what type of elevator you have."}], "introduction": "Our team of professionals is willing to work with you at every step, from planning to installation. We provide our clients with quality products, including multiple customised options so that they can enjoy a hassle-free experience. Our team is dedicated to their work and will provide your business with the best service possible for years to come.<br><br>We provide our customers with a selection of services, including consultancy, installation, maintenance, repair, emergency response, and more! You can be sure that we&rsquo;ll take care of all of your needs, no matter what they may be."}}, {"id": "comp_1762192641771_rzrjrucft", "type": "WhyChooseUs", "props": {"id": "comp_1762192641771_3ph9iipp5", "title": "Why You Should Buy Your Dream Elevator From Us?", "features": [{"id": "1", "icon": "FiAward", "title": "Product Variety", "description": "Easy Move Lift Provides a variety of quality elevator parts and supplies that the client wants for elevator installation, modernization, or elevator maintenance. We provide quality work, branded parts, safety, and satisfaction for customers that they need. Including Motors, Cables, panels, Control panels, doors, and safety features."}, {"id": "2", "icon": "FiShield", "title": "Quality Assurance", "description": "Easy Move Lift is an Experienced and Trusted elevator Services Provider that authenticates lift Products and Parts and is dedicated to providing reliable and quality services such as documentation, manufacturing process, and assurance. Use advanced detailed manufacturing technologies and precision machining to ensure consistent product quality and performance."}, {"id": "3", "icon": "FiGlobe", "title": "Environmental Responsibility", "description": "When we talk about environmental responsibility in elevator manufacturing, installation, and maintenance process you need to provide every single detailed information about that specific process. Then we do measurements and analysis that reduce environmental impact and continue sustainability, quality performance, efficiency, and reliability."}], "description": "Easy Move Lift is a well-known provider of Elevator Maintenance and Repair service in the UAE, providing dependable and high-quality lift maintenance and elevator repair. However, we have been delivering high-quality services for more than two decades, making us the most trusted Lift Repair service provider in the surrounding areas."}}, {"id": "comp_1762192648678_4nhclywpl", "type": "SparePartsSupplier", "props": {"id": "comp_1762192648678_kj0db765q", "title": "Elevator Spare Parts Supplier in Dubai, UAE", "sections": [{"id": "1", "title": "Easy Move Lift ΓÇô Trustworthy Elevator Spare Parts Supplier in Dubai, UAE", "content": "The best source of elevator spare parts in Dubai is Easy Move Lift. With diligence and perseverance, I&rsquo;ve been able to successfully persist in this profession for more than 15 years. Our reputation is built on the quality of our work and excellent services. We provide our services to all of the UAE&rsquo;s Emirates.<br><br>Additional services offered include annual maintenance contracts, installation, renovation, and repair of elevators. We have pleasant interactions with our clients and have in-depth discussions to understand their needs and adjust our services properly.<br><br>Our main objective is to deliver quality service and meet the demands of our clients at the appropriate time. We have a worldwide and regional service staff that works around the clock to help our customers."}, {"id": "2", "title": "Our Elevator Parts Service in Dubai, UAE", "content": "Easy Move Lift provides high-quality products to its consumers, which is why it is one of the leading elevator replacement parts suppliers in Dubai. We provide all types of elevator spare parts at the lowest prices and codes. We are chasing increased customer happiness and exponential business growth."}], "description": "Are you looking for an experienced solution for your elevator's replacement parts? Then Easy Move Lift, the elevator replacement parts supplier in Dubai, is the right choice since we provide quality and trustworthy goods depending on our clients' needs in reasonable packages. We send spare parts all over the world and have a large selection of items from various manufacturers and models; we believe Easy Move Lift is a one-stop shop for all of your spare parts needs."}}, {"id": "comp_1762192651735_n4cy5rgn4", "type": "InstallationTeam", "props": {"id": "comp_1762192651735_2im4vs58u", "title": "Easy Move Lift Has the Best Elevator Installation Team in the UAE", "content": "Easy Move Lift invests significantly in the quality of all of its projects, whether they are residential constructions or freight transportation networks. Our installation engineers are well-prepared and educated by a team of technical specialists to provide precise deliverables on time.<br><br>Easy Move Lift is an elevator firm in the UAE that designs, produces, and installs custom passenger and freight lifts. We install new elevators for low and medium-rise structures, as well as charming lifts for places where the lift is an essential component of the building&rsquo;s infrastructure.<br><br>We are committed to making sure that the new lifts we design and install are safe, dependable, and reasonably priced since we were the first elevator installation firm in the United Arab Emirates. Our management makes sure that the lift solutions we provide meet both national and international quality requirements.<br><br>Our in-house design team, project managers, and installers provide consumers with a highly devoted and flawless procedure from proposal to delivery. As a stand-alone lift provider in Dubai, we provide complete solutions with a wide range of choices. As a consequence, we are able to provide our clients with the greatest option while being economical."}}, {"id": "comp_1762411652115_oiv3uny4p", "type": "ImageContentSection", "props": {"id": "comp_1762411652115_i4b6aqiok", "title": "About Our Company", "content": "<p>cd d fxg fxf fg f fb fgx   jk j j jf nytdjnrt ghtrg erg ersgv serger gserb sffg gfb</p>", "imageAlt": "Company overview", "imageSrc": "", "imagePosition": "left", "backgroundColor": "dark"}}, {"id": "comp_1762412674016_plbnj6n41", "type": "ServiceProcess", "props": {"id": "comp_1762412674016_13fqalyzq", "steps": [{"id": "1", "title": "Consultation", "stepNumber": 1, "description": "Initial assessment and detailed requirement analysis by our experts"}, {"id": "2", "title": "Planning", "stepNumber": 2, "description": "Custom design development and comprehensive project planning"}, {"id": "3", "title": "Execution", "stepNumber": 3, "description": "Professional service delivery by certified technicians"}, {"id": "4", "title": "Support", "stepNumber": 4, "description": "Ongoing maintenance and comprehensive support services"}], "title": "Our Service Process", "columns": 4, "centered": true, "description": "We follow a structured, proven process to ensure every project meets our high standards of quality and customer satisfaction. updated"}}, {"id": "comp_1762413369886_5ucynmffs", "type": "WhyChooseUsFeatured", "props": {"id": "comp_1762413369886_5xefcqpht", "title": "Why Choose Our Services? Updated After Build", "columns": 3, "centered": true, "features": [{"id": "1", "icon": "FiAward", "title": "15+ Years Experience", "description": "Proven track record with over 900 successful projects across residential, commercial, and industrial sectors."}, {"id": "2", "icon": "FiShield", "title": "Safety First", "description": "All our services comply with the highest safety standards and international regulations with certified technicians."}, {"id": "3", "icon": "FiClock", "title": "24/7 Support", "description": "Round-the-clock emergency support and maintenance services with rapid response times."}, {"id": "4", "icon": "FiUsers", "title": "Expert Team", "description": "Certified technicians and engineers with extensive training and experience in all elevator systems."}, {"id": "5", "icon": "FiZap", "title": "Quality Products", "description": "Premium elevator components from leading global manufacturers with comprehensive warranties."}, {"id": "6", "icon": "FiCheckCircle", "title": "Satisfaction Guarantee", "description": "We stand behind our work with comprehensive warranties, service guarantees, and ongoing support."}], "description": "With over 15 years of experience in the UAE, we deliver exceptional elevator services with unmatched quality, reliability, and customer satisfaction."}}]}	en
\.


--
-- Data for Name: site_settings; Type: TABLE DATA; Schema: public; Owner: postgres
--

COPY public.site_settings (id, name, meta_title, meta_description, logo, favicon, logo_alt, logo_height, logo_width, home_schema, footer_logo, footer_logo_height, footer_logo_width, footer_logo_alt, footer_text, facebook_url, twitter_url, linkedin_url, pinterest_url, instagram_url, copyright_text, google_site_verification, bing_site_verification, baidu_site_verification, yandex_site_verification, pinterest_verification, google_analytics_id, robots, created_at, updated_at) FROM stdin;
5dcf7cf6-df68-4dd5-9c85-9068e630271d	Multi Language Dashbaord			\N	\N	\N	\N	\N		\N	\N	\N	\N	\N	\N	\N	\N	\N	\N	\N	\N	\N	\N	\N	\N	\N	\N	2025-08-16 13:30:43.208016	2025-08-16 13:30:43.208016
\.



--
-- Name: activity_logs activity_logs_pkey; Type: CONSTRAINT; Schema: public; Owner: postgres
--

ALTER TABLE ONLY public.activity_logs
    ADD CONSTRAINT activity_logs_pkey PRIMARY KEY (id);


--
-- Name: authors authors_pkey; Type: CONSTRAINT; Schema: public; Owner: postgres
--

ALTER TABLE ONLY public.authors
    ADD CONSTRAINT authors_pkey PRIMARY KEY (id);


--
-- Name: categories categories_pkey; Type: CONSTRAINT; Schema: public; Owner: postgres
--

ALTER TABLE ONLY public.categories
    ADD CONSTRAINT categories_pkey PRIMARY KEY (id);


--
-- Name: categories_translations categories_translations_name_key; Type: CONSTRAINT; Schema: public; Owner: postgres
--

ALTER TABLE ONLY public.categories_translations
    ADD CONSTRAINT categories_translations_name_key UNIQUE (name);


--
-- Name: categories_translations categories_translations_pkey; Type: CONSTRAINT; Schema: public; Owner: postgres
--

ALTER TABLE ONLY public.categories_translations
    ADD CONSTRAINT categories_translations_pkey PRIMARY KEY (id);


--
-- Name: categories_translations categories_translations_slug_key; Type: CONSTRAINT; Schema: public; Owner: postgres
--

ALTER TABLE ONLY public.categories_translations
    ADD CONSTRAINT categories_translations_slug_key UNIQUE (slug);


--
-- Name: component_templates component_templates_template_name_key; Type: CONSTRAINT; Schema: public; Owner: postgres
--

ALTER TABLE ONLY public.component_templates
    ADD CONSTRAINT component_templates_template_name_key UNIQUE (template_name);


--
-- Name: menu_items menu_items_pkey; Type: CONSTRAINT; Schema: public; Owner: postgres
--

ALTER TABLE ONLY public.menu_items
    ADD CONSTRAINT menu_items_pkey PRIMARY KEY (id);


--
-- Name: menu menu_pkey; Type: CONSTRAINT; Schema: public; Owner: postgres
--

ALTER TABLE ONLY public.menu
    ADD CONSTRAINT menu_pkey PRIMARY KEY (id);


--
-- Name: pages pages_pkey; Type: CONSTRAINT; Schema: public; Owner: postgres
--

ALTER TABLE ONLY public.pages
    ADD CONSTRAINT pages_pkey PRIMARY KEY (id);


--
-- Name: pages_translations pages_translations_page_slug_key; Type: CONSTRAINT; Schema: public; Owner: postgres
--

ALTER TABLE ONLY public.pages_translations
    ADD CONSTRAINT pages_translations_page_slug_key UNIQUE (page_slug);


--
-- Name: pages_translations pages_translations_page_title_key; Type: CONSTRAINT; Schema: public; Owner: postgres
--

ALTER TABLE ONLY public.pages_translations
    ADD CONSTRAINT pages_translations_page_title_key UNIQUE (page_title);


--
-- Name: pages_translations pages_translations_pkey; Type: CONSTRAINT; Schema: public; Owner: postgres
--

ALTER TABLE ONLY public.pages_translations
    ADD CONSTRAINT pages_translations_pkey PRIMARY KEY (id);


--
-- Name: permission permission_name_key; Type: CONSTRAINT; Schema: public; Owner: postgres
--

ALTER TABLE ONLY public.permission
    ADD CONSTRAINT permission_name_key UNIQUE (name);


--
-- Name: permission permission_pkey; Type: CONSTRAINT; Schema: public; Owner: postgres
--

ALTER TABLE ONLY public.permission
    ADD CONSTRAINT permission_pkey PRIMARY KEY (id);


--
-- Name: post_translations post_translations_pkey; Type: CONSTRAINT; Schema: public; Owner: postgres
--

ALTER TABLE ONLY public.post_translations
    ADD CONSTRAINT post_translations_pkey PRIMARY KEY (id);


--
-- Name: post_translations post_translations_post_slug_key; Type: CONSTRAINT; Schema: public; Owner: postgres
--

ALTER TABLE ONLY public.post_translations
    ADD CONSTRAINT post_translations_post_slug_key UNIQUE (post_slug);


--
-- Name: post_translations post_translations_post_title_key; Type: CONSTRAINT; Schema: public; Owner: postgres
--

ALTER TABLE ONLY public.post_translations
    ADD CONSTRAINT post_translations_post_title_key UNIQUE (post_title);


--
-- Name: posts posts_pkey; Type: CONSTRAINT; Schema: public; Owner: postgres
--

ALTER TABLE ONLY public.posts
    ADD CONSTRAINT posts_pkey PRIMARY KEY (id);


--
-- Name: products products_pkey; Type: CONSTRAINT; Schema: public; Owner: postgres
--

ALTER TABLE ONLY public.products
    ADD CONSTRAINT products_pkey PRIMARY KEY (id);


--
-- Name: products_related_images products_related_images_pkey; Type: CONSTRAINT; Schema: public; Owner: postgres
--

ALTER TABLE ONLY public.products_related_images
    ADD CONSTRAINT products_related_images_pkey PRIMARY KEY (id);


--
-- Name: products_translations products_translations_pkey; Type: CONSTRAINT; Schema: public; Owner: postgres
--

ALTER TABLE ONLY public.products_translations
    ADD CONSTRAINT products_translations_pkey PRIMARY KEY (id);


--
-- Name: products_translations products_translations_product_slug_key; Type: CONSTRAINT; Schema: public; Owner: postgres
--

ALTER TABLE ONLY public.products_translations
    ADD CONSTRAINT products_translations_product_slug_key UNIQUE (product_slug);


--
-- Name: products_translations products_translations_product_title_key; Type: CONSTRAINT; Schema: public; Owner: postgres
--

ALTER TABLE ONLY public.products_translations
    ADD CONSTRAINT products_translations_product_title_key UNIQUE (product_title);


--
-- Name: projects projects_pkey; Type: CONSTRAINT; Schema: public; Owner: postgres
--

ALTER TABLE ONLY public.projects
    ADD CONSTRAINT projects_pkey PRIMARY KEY (id);


--
-- Name: projects_translations projects_translations_pkey; Type: CONSTRAINT; Schema: public; Owner: postgres
--

ALTER TABLE ONLY public.projects_translations
    ADD CONSTRAINT projects_translations_pkey PRIMARY KEY (id);


--
-- Name: projects_translations projects_translations_project_title_key; Type: CONSTRAINT; Schema: public; Owner: postgres
--

ALTER TABLE ONLY public.projects_translations
    ADD CONSTRAINT projects_translations_project_title_key UNIQUE (project_title);


--
-- Name: reviews reviews_pkey; Type: CONSTRAINT; Schema: public; Owner: postgres
--

ALTER TABLE ONLY public.reviews
    ADD CONSTRAINT reviews_pkey PRIMARY KEY (id);


--
-- Name: role_permission role_permission_pkey; Type: CONSTRAINT; Schema: public; Owner: postgres
--

ALTER TABLE ONLY public.role_permission
    ADD CONSTRAINT role_permission_pkey PRIMARY KEY (id);


--
-- Name: role_permission role_permission_role_id_permission_id_key; Type: CONSTRAINT; Schema: public; Owner: postgres
--

ALTER TABLE ONLY public.role_permission
    ADD CONSTRAINT role_permission_role_id_permission_id_key UNIQUE (role_id, permission_id);


--
-- Name: roles roles_name_key; Type: CONSTRAINT; Schema: public; Owner: postgres
--

ALTER TABLE ONLY public.roles
    ADD CONSTRAINT roles_name_key UNIQUE (name);


--
-- Name: roles roles_pkey; Type: CONSTRAINT; Schema: public; Owner: postgres
--

ALTER TABLE ONLY public.roles
    ADD CONSTRAINT roles_pkey PRIMARY KEY (id);


--
-- Name: services services_pkey; Type: CONSTRAINT; Schema: public; Owner: postgres
--

ALTER TABLE ONLY public.services
    ADD CONSTRAINT services_pkey PRIMARY KEY (id);


--
-- Name: services_translations services_translations_pkey; Type: CONSTRAINT; Schema: public; Owner: postgres
--

ALTER TABLE ONLY public.services_translations
    ADD CONSTRAINT services_translations_pkey PRIMARY KEY (id);


--
-- Name: services_translations services_translations_service_slug_key; Type: CONSTRAINT; Schema: public; Owner: postgres
--

ALTER TABLE ONLY public.services_translations
    ADD CONSTRAINT services_translations_service_slug_key UNIQUE (service_slug);


--
-- Name: services_translations services_translations_service_title_key; Type: CONSTRAINT; Schema: public; Owner: postgres
--

ALTER TABLE ONLY public.services_translations
    ADD CONSTRAINT services_translations_service_title_key UNIQUE (service_title);


--
-- Name: site_settings site_settings_pkey; Type: CONSTRAINT; Schema: public; Owner: postgres
--

ALTER TABLE ONLY public.site_settings
    ADD CONSTRAINT site_settings_pkey PRIMARY KEY (id);


--
-- Name: idx_authors_created_at; Type: INDEX; Schema: public; Owner: postgres
--

CREATE INDEX idx_authors_created_at ON public.authors USING btree (created_at DESC);


--
-- Name: idx_authors_is_active; Type: INDEX; Schema: public; Owner: postgres
--

CREATE INDEX idx_authors_is_active ON public.authors USING btree (is_active);


--
-- Name: idx_reviews_created_at; Type: INDEX; Schema: public; Owner: postgres
--

CREATE INDEX idx_reviews_created_at ON public.reviews USING btree (created_at DESC);


--
-- Name: idx_reviews_is_active; Type: INDEX; Schema: public; Owner: postgres
--

CREATE INDEX idx_reviews_is_active ON public.reviews USING btree (is_active);


--
-- Name: idx_reviews_rating; Type: INDEX; Schema: public; Owner: postgres
--

CREATE INDEX idx_reviews_rating ON public.reviews USING btree (rating);


--
-- Name: categories categories_parent_id_fkey; Type: FK CONSTRAINT; Schema: public; Owner: postgres
--

ALTER TABLE ONLY public.categories
    ADD CONSTRAINT categories_parent_id_fkey FOREIGN KEY (parent_id) REFERENCES public.categories(id) ON DELETE SET NULL;


--
-- Name: categories_translations categories_translations_category_id_fkey; Type: FK CONSTRAINT; Schema: public; Owner: postgres
--

ALTER TABLE ONLY public.categories_translations
    ADD CONSTRAINT categories_translations_category_id_fkey FOREIGN KEY (category_id) REFERENCES public.categories(id) ON DELETE CASCADE;


--
-- Name: menu_items menu_items_menu_id_fkey; Type: FK CONSTRAINT; Schema: public; Owner: postgres
--

ALTER TABLE ONLY public.menu_items
    ADD CONSTRAINT menu_items_menu_id_fkey FOREIGN KEY (menu_id) REFERENCES public.menu(id) ON DELETE CASCADE;


--
-- Name: menu_items menu_items_parent_id_fkey; Type: FK CONSTRAINT; Schema: public; Owner: postgres
--

ALTER TABLE ONLY public.menu_items
    ADD CONSTRAINT menu_items_parent_id_fkey FOREIGN KEY (parent_id) REFERENCES public.menu_items(id) ON DELETE CASCADE;


--
-- Name: pages_translations pages_translations_page_id_fkey; Type: FK CONSTRAINT; Schema: public; Owner: postgres
--

ALTER TABLE ONLY public.pages_translations
    ADD CONSTRAINT pages_translations_page_id_fkey FOREIGN KEY (page_id) REFERENCES public.pages(id) ON DELETE CASCADE;


--
-- Name: post_translations post_translations_post_id_fkey; Type: FK CONSTRAINT; Schema: public; Owner: postgres
--

ALTER TABLE ONLY public.post_translations
    ADD CONSTRAINT post_translations_post_id_fkey FOREIGN KEY (post_id) REFERENCES public.posts(id) ON DELETE CASCADE;


--
-- Name: products_related_images products_related_images_product_id_fkey; Type: FK CONSTRAINT; Schema: public; Owner: postgres
--

ALTER TABLE ONLY public.products_related_images
    ADD CONSTRAINT products_related_images_product_id_fkey FOREIGN KEY (product_id) REFERENCES public.products(id) ON DELETE CASCADE;


--
-- Name: products_translations products_translations_product_id_fkey; Type: FK CONSTRAINT; Schema: public; Owner: postgres
--

ALTER TABLE ONLY public.products_translations
    ADD CONSTRAINT products_translations_product_id_fkey FOREIGN KEY (product_id) REFERENCES public.products(id) ON DELETE CASCADE;


--
-- Name: projects_translations projects_translations_project_id_fkey; Type: FK CONSTRAINT; Schema: public; Owner: postgres
--

ALTER TABLE ONLY public.projects_translations
    ADD CONSTRAINT projects_translations_project_id_fkey FOREIGN KEY (project_id) REFERENCES public.projects(id) ON DELETE CASCADE;


--
-- Name: role_permission role_permission_permission_id_fkey; Type: FK CONSTRAINT; Schema: public; Owner: postgres
--

ALTER TABLE ONLY public.role_permission
    ADD CONSTRAINT role_permission_permission_id_fkey FOREIGN KEY (permission_id) REFERENCES public.permission(id) ON DELETE CASCADE;


--
-- Name: role_permission role_permission_role_id_fkey; Type: FK CONSTRAINT; Schema: public; Owner: postgres
--

ALTER TABLE ONLY public.role_permission
    ADD CONSTRAINT role_permission_role_id_fkey FOREIGN KEY (role_id) REFERENCES public.roles(id) ON DELETE CASCADE;


--
-- Name: services_translations services_translations_service_id_fkey; Type: FK CONSTRAINT; Schema: public; Owner: postgres
--

ALTER TABLE ONLY public.services_translations
    ADD CONSTRAINT services_translations_service_id_fkey FOREIGN KEY (service_id) REFERENCES public.services(id) ON DELETE CASCADE;


--
--

